{"id":638,"date":"2023-03-28T11:06:36","date_gmt":"2023-03-28T04:06:36","guid":{"rendered":"https:\/\/fsv.com.vn\/?page_id=638"},"modified":"2025-03-16T15:36:02","modified_gmt":"2025-03-16T08:36:02","slug":"thiet-bi-loai-bo-vang-dau","status":"publish","type":"page","link":"https:\/\/fsv.com.vn\/index.php\/san-pham\/thiet-bi-loai-bo-vang-dau\/","title":{"rendered":"Thi\u1ebft b\u1ecb lo\u1ea1i b\u1ecf v\u00e1ng d\u1ea7u VRU"},"content":{"rendered":"\t\t<div data-elementor-type=\"wp-page\" data-elementor-id=\"638\" class=\"elementor elementor-638\" data-elementor-post-type=\"page\">\n\t\t\t\t\t\t<section class=\"elementor-section elementor-top-section elementor-element elementor-element-e04904b elementor-section-boxed elementor-section-height-default elementor-section-height-default\" data-id=\"e04904b\" data-element_type=\"section\">\n\t\t\t\t\t\t<div class=\"elementor-container elementor-column-gap-default\">\n\t\t\t\t\t<div class=\"elementor-column elementor-col-100 elementor-top-column elementor-element elementor-element-6b0f6b2\" data-id=\"6b0f6b2\" data-element_type=\"column\">\n\t\t\t<div class=\"elementor-widget-wrap elementor-element-populated\">\n\t\t\t\t\t\t<div class=\"elementor-element elementor-element-54e6c4a elementor-widget elementor-widget-spacer\" data-id=\"54e6c4a\" data-element_type=\"widget\" data-widget_type=\"spacer.default\">\n\t\t\t\t<div class=\"elementor-widget-container\">\n\t\t\t\t\t\t\t<div class=\"elementor-spacer\">\n\t\t\t<div class=\"elementor-spacer-inner\"><\/div>\n\t\t<\/div>\n\t\t\t\t\t\t<\/div>\n\t\t\t\t<\/div>\n\t\t\t\t\t<\/div>\n\t\t<\/div>\n\t\t\t\t\t<\/div>\n\t\t<\/section>\n\t\t\t\t<section class=\"elementor-section elementor-top-section elementor-element elementor-element-d4ed45d elementor-section-boxed elementor-section-height-default elementor-section-height-default\" data-id=\"d4ed45d\" data-element_type=\"section\">\n\t\t\t\t\t\t<div class=\"elementor-container elementor-column-gap-default\">\n\t\t\t\t\t<div class=\"elementor-column elementor-col-66 elementor-top-column elementor-element elementor-element-f1797ee\" data-id=\"f1797ee\" data-element_type=\"column\">\n\t\t\t<div class=\"elementor-widget-wrap elementor-element-populated\">\n\t\t\t\t\t\t<div class=\"elementor-element elementor-element-f61e633 elementor-widget elementor-widget-text-editor\" data-id=\"f61e633\" data-element_type=\"widget\" data-widget_type=\"text-editor.default\">\n\t\t\t\t<div class=\"elementor-widget-container\">\n\t\t\t\t\t\t\t\t\t<h4><strong>\ud83d\udd25 CJC\u00ae VRU \u2013 GI\u1ea2I PH\u00c1P LO\u1ea0I B\u1ece VARNISH HI\u1ec6U QU\u1ea2 CHO TUABIN \ud83d\udd25<\/strong><\/h4><p>\u2699 <strong>Lo\u1ea1i b\u1ecf c\u1eb7n varnish \u2013 T\u0103ng hi\u1ec7u su\u1ea5t tuabin<\/strong> \u2699<\/p><p>CJC\u00ae <strong>Varnish Removal Unit (VRU)<\/strong> c\u00f3 hi\u1ec7u su\u1ea5t v\u01b0\u1ee3t tr\u1ed9i trong vi\u1ec7c lo\u1ea1i b\u1ecf c\u1eb7n m\u1ec1m t\u1eeb d\u1ea7u \u2013 c\u1ea3 h\u00f2a tan v\u00e0 l\u01a1 l\u1eedng \u2013 ngay c\u1ea3 tr\u00ean c\u00e1c <strong>tuabin kh\u00ed v\u00e0 h\u01a1i n\u01b0\u1edbc<\/strong> \u0111ang ho\u1ea1t \u0111\u1ed9ng \u1edf nhi\u1ec7t \u0111\u1ed9 cao.<\/p><p><strong>Varnish \u2013 Nguy\u00ean nh\u00e2n g\u00e2y d\u1eebng m\u00e1y \u0111\u1ed9t ng\u1ed9t &amp; h\u1ecfng h\u00f3c nghi\u00eam tr\u1ecdng!<\/strong><br \/>\ud83d\udcb0 Chi ph\u00ed b\u1ea3o tr\u00ec cao<br \/>\u26a1 Nguy c\u01a1 tuabin d\u1eebng \u0111\u1ed9t ng\u1ed9t<br \/>\ud83d\udd25 T\u0103ng nhi\u1ec7t \u0111\u1ed9 h\u1ec7 th\u1ed1ng l\u00e0m m\u00e1t<\/p><p><strong>L\u1ee3i \u00edch khi s\u1eed d\u1ee5ng CJC\u00ae VRU:<\/strong><br \/>\ud83d\udd39 Gi\u1ea3m s\u1ef1 c\u1ed1 tuabin do c\u1eb7n varnish<br \/>\ud83d\udd39 C\u1eaft gi\u1ea3m chi ph\u00ed b\u1ea3o tr\u00ec &amp; k\u00e9o d\u00e0i tu\u1ed5i th\u1ecd d\u1ea7u<br \/>\ud83d\udd39 Kh\u00f4ng c\u1ea7n x\u1ea3 d\u1ea7u hay v\u1ec7 sinh b\u1ec3 ch\u1ee9a<br \/>\ud83d\udd39 Gi\u1eef h\u1ec7 th\u1ed1ng l\u00e0m m\u00e1t s\u1ea1ch \u2013 tr\u00e1nh t\u0103ng nhi\u1ec7t \u0111\u1ed9<\/p><p><strong>VRU \u2013 Gi\u1ea3i ph\u00e1p cho m\u1ecdi h\u1ec7 th\u1ed1ng tuabin<\/strong><br \/>\ud83d\ude80 D\u00e0nh cho c\u1ea3 tuabin kh\u00ed &amp; h\u01a1i n\u01b0\u1edbc v\u1edbi h\u1ec7 th\u1ed1ng d\u1ea7u b\u00f4i tr\u01a1n v\u00e0 \u0111i\u1ec1u khi\u1ec3n k\u1ebft h\u1ee3p ho\u1eb7c ri\u00eang bi\u1ec7t.<br \/>\ud83d\udd25 Ho\u1ea1t \u0111\u1ed9ng hi\u1ec7u qu\u1ea3 \u1edf m\u1ecdi m\u1ee9c nhi\u1ec7t \u0111\u1ed9 d\u1ea7u, ph\u00f9 h\u1ee3p v\u1edbi c\u00e1c h\u1ec7 th\u1ed1ng d\u1ea7u ch\u1ecbu t\u1ea3i tr\u1ecdng v\u00e0 nhi\u1ec7t \u0111\u1ed9 cao.<\/p><p>\ud83d\udd27 <strong>C\u00e1ch ho\u1ea1t \u0111\u1ed9ng:<\/strong><br \/>\ud83d\udee2\ufe0f <strong>D\u1ea7u<\/strong>\u00a0\u0111\u01b0\u1ee3c h\u00fat t\u1eeb \u0111\u00e1y b\u1ec3 ch\u1ee9a v\u00e0o VRU.<br \/>\ud83c\udf00 <strong>L\u1ecdc s\u1ea1ch varnish<\/strong> nh\u1edd c\u00f4ng ngh\u1ec7 <strong>VRi<\/strong> \u0111\u1ed9c quy\u1ec1n.<br \/>\u267b\ufe0f <strong>D\u1ea7u s\u1ea1ch tr\u1ea3 l\u1ea1i h\u1ec7 th\u1ed1ng<\/strong>, lo\u1ea1i b\u1ecf ho\u00e0n to\u00e0n c\u1eb7n varnish trong v\u00e0i tu\u1ea7n!<\/p><p>\ud83d\udcca <strong>T\u00edch h\u1ee3p CJC\u00ae Trender Tool \u2013 Gi\u00e1m s\u00e1t d\u1eef li\u1ec7u online<\/strong><\/p><p>\ud83d\udccc <strong>T\u0103ng tu\u1ed5i th\u1ecd tuabin \u2013 Gi\u1ea3m thi\u1ec3u s\u1ef1 c\u1ed1 \u2013 T\u1ed1i \u01b0u chi ph\u00ed ngay h\u00f4m nay!<\/strong> \ud83d\ude80<\/p>\t\t\t\t\t\t\t\t<\/div>\n\t\t\t\t<\/div>\n\t\t\t\t<div class=\"elementor-element elementor-element-3b97e76 elementor-widget elementor-widget-video\" data-id=\"3b97e76\" data-element_type=\"widget\" data-settings=\"{&quot;youtube_url&quot;:&quot;https:\\\/\\\/www.youtube.com\\\/watch?v=ZDo9mQ_eEPc&quot;,&quot;video_type&quot;:&quot;youtube&quot;,&quot;controls&quot;:&quot;yes&quot;}\" data-widget_type=\"video.default\">\n\t\t\t\t<div class=\"elementor-widget-container\">\n\t\t\t\t\t\t\t<div class=\"elementor-wrapper elementor-open-inline\">\n\t\t\t<div class=\"elementor-video\"><\/div>\t\t<\/div>\n\t\t\t\t\t\t<\/div>\n\t\t\t\t<\/div>\n\t\t\t\t\t<\/div>\n\t\t<\/div>\n\t\t\t\t<div class=\"elementor-column elementor-col-33 elementor-top-column elementor-element elementor-element-d19212a\" data-id=\"d19212a\" data-element_type=\"column\">\n\t\t\t<div class=\"elementor-widget-wrap elementor-element-populated\">\n\t\t\t\t\t\t<div class=\"elementor-element elementor-element-96d0810 elementor-widget elementor-widget-image\" data-id=\"96d0810\" data-element_type=\"widget\" data-widget_type=\"image.default\">\n\t\t\t\t<div class=\"elementor-widget-container\">\n\t\t\t\t\t\t\t\t\t\t\t\t\t\t\t<img fetchpriority=\"high\" decoding=\"async\" width=\"754\" height=\"1024\" src=\"https:\/\/fsv.com.vn\/wp-content\/uploads\/2025\/03\/Anh-man-hinh-2025-03-16-luc-15.30.35-754x1024.png\" class=\"attachment-large size-large wp-image-2130\" alt=\"\" srcset=\"https:\/\/fsv.com.vn\/wp-content\/uploads\/2025\/03\/Anh-man-hinh-2025-03-16-luc-15.30.35-754x1024.png 754w, https:\/\/fsv.com.vn\/wp-content\/uploads\/2025\/03\/Anh-man-hinh-2025-03-16-luc-15.30.35-221x300.png 221w, https:\/\/fsv.com.vn\/wp-content\/uploads\/2025\/03\/Anh-man-hinh-2025-03-16-luc-15.30.35-768x1043.png 768w, https:\/\/fsv.com.vn\/wp-content\/uploads\/2025\/03\/Anh-man-hinh-2025-03-16-luc-15.30.35.png 968w\" sizes=\"(max-width: 754px) 100vw, 754px\" \/>\t\t\t\t\t\t\t\t\t\t\t\t\t\t\t<\/div>\n\t\t\t\t<\/div>\n\t\t\t\t<div class=\"elementor-element elementor-element-7786ce8 elementor-widget elementor-widget-image\" data-id=\"7786ce8\" data-element_type=\"widget\" data-widget_type=\"image.default\">\n\t\t\t\t<div class=\"elementor-widget-container\">\n\t\t\t\t\t\t\t\t\t\t\t\t\t\t\t<img decoding=\"async\" width=\"800\" height=\"366\" src=\"https:\/\/fsv.com.vn\/wp-content\/uploads\/2025\/03\/Anh-man-hinh-2025-03-16-luc-15.33.13.png\" class=\"attachment-large size-large wp-image-2131\" alt=\"\" srcset=\"https:\/\/fsv.com.vn\/wp-content\/uploads\/2025\/03\/Anh-man-hinh-2025-03-16-luc-15.33.13.png 966w, https:\/\/fsv.com.vn\/wp-content\/uploads\/2025\/03\/Anh-man-hinh-2025-03-16-luc-15.33.13-300x137.png 300w, https:\/\/fsv.com.vn\/wp-content\/uploads\/2025\/03\/Anh-man-hinh-2025-03-16-luc-15.33.13-768x351.png 768w\" sizes=\"(max-width: 800px) 100vw, 800px\" \/>\t\t\t\t\t\t\t\t\t\t\t\t\t\t\t<\/div>\n\t\t\t\t<\/div>\n\t\t\t\t<div class=\"elementor-element elementor-element-f4672a1 elementor-widget elementor-widget-text-editor\" data-id=\"f4672a1\" data-element_type=\"widget\" data-widget_type=\"text-editor.default\">\n\t\t\t\t<div class=\"elementor-widget-container\">\n\t\t\t\t\t\t\t\t\t<h5><strong><a href=\"https:\/\/www.cjc.dk\/fileadmin\/root\/File_Admin_Filter\/doc_Customer_Cases\/Lube-Hydraulic-Oil_Gas-Steam-Turbine-GE-109FA_Comb-Cycle-Single-Shaft_CCPO6050UK.pdf\"><span style=\"color: #993300;\">Case study<\/span><\/a><\/strong><\/h5><h5><strong><a href=\"https:\/\/www.cjc.dk\/fileadmin\/root\/File_Admin_Filter\/doc_Brochures\/Varnish-Removal-Unit-VRU-CJC.pdf\">VRU Brochure<\/a><\/strong><\/h5>\t\t\t\t\t\t\t\t<\/div>\n\t\t\t\t<\/div>\n\t\t\t\t\t<\/div>\n\t\t<\/div>\n\t\t\t\t\t<\/div>\n\t\t<\/section>\n\t\t\t\t<section class=\"elementor-section elementor-top-section elementor-element elementor-element-ad2389f elementor-section-boxed elementor-section-height-default elementor-section-height-default\" data-id=\"ad2389f\" data-element_type=\"section\">\n\t\t\t\t\t\t<div class=\"elementor-container elementor-column-gap-default\">\n\t\t\t\t\t<div class=\"elementor-column elementor-col-100 elementor-top-column elementor-element elementor-element-62de589\" data-id=\"62de589\" data-element_type=\"column\">\n\t\t\t<div class=\"elementor-widget-wrap elementor-element-populated\">\n\t\t\t\t\t\t<div class=\"elementor-element elementor-element-7cbf1f3 elementor-widget elementor-widget-spacer\" data-id=\"7cbf1f3\" data-element_type=\"widget\" data-widget_type=\"spacer.default\">\n\t\t\t\t<div class=\"elementor-widget-container\">\n\t\t\t\t\t\t\t<div class=\"elementor-spacer\">\n\t\t\t<div class=\"elementor-spacer-inner\"><\/div>\n\t\t<\/div>\n\t\t\t\t\t\t<\/div>\n\t\t\t\t<\/div>\n\t\t\t\t\t<\/div>\n\t\t<\/div>\n\t\t\t\t\t<\/div>\n\t\t<\/section>\n\t\t\t\t<\/div>\n\t\t","protected":false},"excerpt":{"rendered":"<p>???? CJC\u00ae VRU \u2013 GI\u1ea2I PH\u00c1P LO\u1ea0I B\u1ece VARNISH HI\u1ec6U QU\u1ea2 CHO TUABIN ???? \u2699 Lo\u1ea1i b\u1ecf c\u1eb7n varnish \u2013 T\u0103ng hi\u1ec7u su\u1ea5t tuabin \u2699 CJC\u00ae Varnish Removal Unit (VRU) c\u00f3 hi\u1ec7u su\u1ea5t v\u01b0\u1ee3t tr\u1ed9i trong vi\u1ec7c lo\u1ea1i b\u1ecf c\u1eb7n m\u1ec1m t\u1eeb d\u1ea7u \u2013 c\u1ea3 h\u00f2a tan v\u00e0 l\u01a1 l\u1eedng \u2013 ngay c\u1ea3 tr\u00ean c\u00e1c [&hellip;]<\/p>\n","protected":false},"author":1,"featured_media":0,"parent":581,"menu_order":8,"comment_status":"closed","ping_status":"closed","template":"","meta":{"footnotes":""},"class_list":["post-638","page","type-page","status-publish","hentry"],"_links":{"self":[{"href":"https:\/\/fsv.com.vn\/index.php\/wp-json\/wp\/v2\/pages\/638","targetHints":{"allow":["GET"]}}],"collection":[{"href":"https:\/\/fsv.com.vn\/index.php\/wp-json\/wp\/v2\/pages"}],"about":[{"href":"https:\/\/fsv.com.vn\/index.php\/wp-json\/wp\/v2\/types\/page"}],"author":[{"embeddable":true,"href":"https:\/\/fsv.com.vn\/index.php\/wp-json\/wp\/v2\/users\/1"}],"replies":[{"embeddable":true,"href":"https:\/\/fsv.com.vn\/index.php\/wp-json\/wp\/v2\/comments?post=638"}],"version-history":[{"count":14,"href":"https:\/\/fsv.com.vn\/index.php\/wp-json\/wp\/v2\/pages\/638\/revisions"}],"predecessor-version":[{"id":2137,"href":"https:\/\/fsv.com.vn\/index.php\/wp-json\/wp\/v2\/pages\/638\/revisions\/2137"}],"up":[{"embeddable":true,"href":"https:\/\/fsv.com.vn\/index.php\/wp-json\/wp\/v2\/pages\/581"}],"wp:attachment":[{"href":"https:\/\/fsv.com.vn\/index.php\/wp-json\/wp\/v2\/media?parent=638"}],"curies":[{"name":"wp","href":"https:\/\/api.w.org\/{rel}","templated":true}]}}