{"id":602,"date":"2023-03-28T10:56:26","date_gmt":"2023-03-28T03:56:26","guid":{"rendered":"https:\/\/fsv.com.vn\/?page_id=602"},"modified":"2025-03-16T11:08:33","modified_gmt":"2025-03-16T04:08:33","slug":"thiet-bi-loc-dau-hdu","status":"publish","type":"page","link":"https:\/\/fsv.com.vn\/index.php\/san-pham\/thiet-bi-loc-dau-hdu\/","title":{"rendered":"Thi\u1ebft b\u1ecb l\u1ecdc d\u1ea7u HDU Fine Filter"},"content":{"rendered":"\t\t<div data-elementor-type=\"wp-page\" data-elementor-id=\"602\" class=\"elementor elementor-602\" data-elementor-post-type=\"page\">\n\t\t\t\t\t\t<section class=\"elementor-section elementor-top-section elementor-element elementor-element-0514c32 elementor-section-boxed elementor-section-height-default elementor-section-height-default\" data-id=\"0514c32\" data-element_type=\"section\">\n\t\t\t\t\t\t<div class=\"elementor-container elementor-column-gap-default\">\n\t\t\t\t\t<div class=\"elementor-column elementor-col-100 elementor-top-column elementor-element elementor-element-5258d7e\" data-id=\"5258d7e\" data-element_type=\"column\">\n\t\t\t<div class=\"elementor-widget-wrap elementor-element-populated\">\n\t\t\t\t\t\t<div class=\"elementor-element elementor-element-d25b43c elementor-widget elementor-widget-spacer\" data-id=\"d25b43c\" data-element_type=\"widget\" data-widget_type=\"spacer.default\">\n\t\t\t\t<div class=\"elementor-widget-container\">\n\t\t\t\t\t\t\t<div class=\"elementor-spacer\">\n\t\t\t<div class=\"elementor-spacer-inner\"><\/div>\n\t\t<\/div>\n\t\t\t\t\t\t<\/div>\n\t\t\t\t<\/div>\n\t\t\t\t\t<\/div>\n\t\t<\/div>\n\t\t\t\t\t<\/div>\n\t\t<\/section>\n\t\t\t\t<section class=\"elementor-section elementor-top-section elementor-element elementor-element-e135a00 elementor-section-boxed elementor-section-height-default elementor-section-height-default\" data-id=\"e135a00\" data-element_type=\"section\">\n\t\t\t\t\t\t<div class=\"elementor-container elementor-column-gap-default\">\n\t\t\t\t\t<div class=\"elementor-column elementor-col-66 elementor-top-column elementor-element elementor-element-9cad3d9\" data-id=\"9cad3d9\" data-element_type=\"column\">\n\t\t\t<div class=\"elementor-widget-wrap elementor-element-populated\">\n\t\t\t\t\t\t<div class=\"elementor-element elementor-element-df9c3f0 elementor-widget elementor-widget-text-editor\" data-id=\"df9c3f0\" data-element_type=\"widget\" data-widget_type=\"text-editor.default\">\n\t\t\t\t<div class=\"elementor-widget-container\">\n\t\t\t\t\t\t\t\t\t<h5 data-start=\"0\" data-end=\"68\"><strong data-start=\"4\" data-end=\"66\">CJC\u00ae FINE FILTERS \u2013 GI\u1ea2I PH\u00c1P L\u1eccC D\u1ea6U NGO\u1ea0I TUY\u1ebeN HI\u1ec6U QU\u1ea2<\/strong><\/h5>\n<h4 data-start=\"70\" data-end=\"131\"><strong data-start=\"75\" data-end=\"129\">GI\u1ea2I PH\u00c1P L\u1eccC D\u1ea6U CHO HI\u1ec6U SU\u1ea4T V\u1eacN H\u00c0NH T\u1ed0I \u01afU<\/strong><\/h4>\n<p data-start=\"132\" data-end=\"446\">CJC\u00ae Fine Filters l\u00e0 <strong data-start=\"153\" data-end=\"210\">h\u1ec7 th\u1ed1ng l\u1ecdc d\u1ea7u Offline Oil Filtration<\/strong>&nbsp;v\u1edbi b\u01a1m tu\u1ea7n ho\u00e0n t\u00edch h\u1ee3p, \u0111\u01b0\u1ee3c s\u1eed d\u1ee5ng r\u1ed9ng r\u00e3i cho <strong data-start=\"265\" data-end=\"355\">d\u1ea7u th\u1ee7y l\u1ef1c, d\u1ea7u b\u00f4i tr\u01a1n, d\u1ea7u b\u00e1nh r\u0103ng, d\u1ea7u diesel, d\u1ea7u quench, d\u1ea7u phosphate ester<\/strong>, v.v. C\u00f4ng ngh\u1ec7 n\u00e0y c\u00f2n \u0111\u01b0\u1ee3c g\u1ecdi l\u00e0 <strong data-start=\"392\" data-end=\"443\">l\u1ecdc d\u1ea7u tu\u1ea7n ho\u00e0n (Kidney Loop Filtration)<\/strong>.<\/p><p data-start=\"132\" data-end=\"446\"><br><\/p>\n<h4 data-start=\"453\" data-end=\"495\"><strong data-start=\"457\" data-end=\"493\">L\u1ee2I \u00cdCH C\u1ee6A CJC\u00ae FINE FILTERS<\/strong><\/h4>\n<p data-start=\"496\" data-end=\"821\">\u2714\ufe0f <strong data-start=\"499\" data-end=\"520\">Gi\u1eef d\u1ea7u lu\u00f4n s\u1ea1ch<\/strong> trong su\u1ed1t qu\u00e1 tr\u00ecnh v\u1eadn h\u00e0nh<br data-start=\"550\" data-end=\"553\">\u2714\ufe0f <strong data-start=\"556\" data-end=\"580\">K\u00e9o d\u00e0i tu\u1ed5i th\u1ecd d\u1ea7u<\/strong> g\u1ea5p nhi\u1ec1u l\u1ea7n, gi\u1ea3m t\u1ea7n su\u1ea5t thay d\u1ea7u<br data-start=\"618\" data-end=\"621\">\u2714\ufe0f <strong data-start=\"624\" data-end=\"659\">Gi\u1ea3m chi ph\u00ed b\u1ea3o tr\u00ec &amp; v\u1eadn h\u00e0nh<\/strong>, n\u00e2ng cao hi\u1ec7u su\u1ea5t s\u1ea3n xu\u1ea5t<br data-start=\"688\" data-end=\"691\">\u2714\ufe0f <strong data-start=\"694\" data-end=\"721\">T\u0103ng tu\u1ed5i th\u1ecd linh ki\u1ec7n<\/strong> (b\u01a1m, van, v\u00f2ng bi, \u0111\u1ed9ng c\u01a1, h\u1ed9p s\u1ed1, v.v.)<br data-start=\"764\" data-end=\"767\">\u2714\ufe0f <strong data-start=\"770\" data-end=\"792\">Gi\u1ea3m ph\u00e1t th\u1ea3i CO\u2082<\/strong>, th\u00e2n thi\u1ec7n v\u1edbi m\u00f4i tr\u01b0\u1eddng<\/p>\n<h4 data-start=\"828\" data-end=\"895\"><strong data-start=\"832\" data-end=\"893\"><br><\/strong><\/h4><h4 data-start=\"828\" data-end=\"895\"><strong data-start=\"832\" data-end=\"893\">C\u00d4NG NGH\u1ec6 L\u1eccC D\u1ea6U OFFLINE FILTRATION<\/strong><\/h4>\n<p data-start=\"896\" data-end=\"1098\">\ud83d\udd38 <strong data-start=\"899\" data-end=\"948\">Lo\u1ea1i b\u1ecf hi\u1ec7u qu\u1ea3 t\u1ea1p ch\u1ea5t, n\u01b0\u1edbc &amp; c\u1eb7n oxi h\u00f3a<\/strong><br data-start=\"948\" data-end=\"951\">CJC\u00ae Fine Filters c\u00f3 \u0111\u1ed9 l\u1ecdc ch\u00ednh x\u00e1c <strong data-start=\"989\" data-end=\"1011\">3 micron tuy\u1ec7t \u0111\u1ed1i<\/strong>, gi\u00fap lo\u1ea1i b\u1ecf <strong data-start=\"1026\" data-end=\"1071\">h\u1ea1t m\u00e0i m\u00f2n, n\u01b0\u1edbc, nh\u1ef1a oxi h\u00f3a &amp; varnish<\/strong>, b\u1ea3o v\u1ec7 thi\u1ebft b\u1ecb t\u1ed1i \u0111a.<\/p>\n<p data-start=\"1100\" data-end=\"1364\">\ud83d\udd38 <strong data-start=\"1103\" data-end=\"1166\">C\u01a1 ch\u1ebf v\u1eadn h\u00e0nh \u0111\u1ed9c l\u1eadp, kh\u00f4ng \u1ea3nh h\u01b0\u1edfng \u0111\u1ebfn h\u1ec7 th\u1ed1ng ch\u00ednh<\/strong><br data-start=\"1166\" data-end=\"1169\">H\u1ec7 th\u1ed1ng l\u1ecdc d\u1ea7u ngo\u1ea1i tuy\u1ebfn ho\u1ea1t \u0111\u1ed9ng \u0111\u1ed9c l\u1eadp v\u1edbi thi\u1ebft b\u1ecb, li\u00ean t\u1ee5c <strong data-start=\"1239\" data-end=\"1280\">h\u00fat d\u1ea7u t\u1eeb \u0111i\u1ec3m th\u1ea5p nh\u1ea5t c\u1ee7a b\u1ec3 ch\u1ee9a<\/strong>, l\u1ecdc s\u1ea1ch v\u00e0 tr\u1ea3 d\u1ea7u tinh khi\u1ebft v\u1ec1 h\u1ec7 th\u1ed1ng m\u00e0 kh\u00f4ng l\u00e0m ch\u1eadm quy tr\u00ecnh s\u1ea3n xu\u1ea5t.<\/p><p data-start=\"1100\" data-end=\"1364\"><br><\/p>\n<h4 data-start=\"1371\" data-end=\"1420\"><strong data-start=\"1375\" data-end=\"1418\">T\u00d9Y CH\u1ec8NH LINH HO\u1ea0T CHO M\u1eccI \u1ee8NG D\u1ee4NG<\/strong><\/h4>\n<p data-start=\"1421\" data-end=\"1577\">\ud83d\udd39 <strong data-start=\"1424\" data-end=\"1443\">Thi\u1ebft k\u1ebf m\u00f4-\u0111un<\/strong> gi\u00fap d\u1ec5 d\u00e0ng <strong data-start=\"1457\" data-end=\"1486\">t\u00f9y ch\u1ec9nh cho m\u1ecdi y\u00eau c\u1ea7u<\/strong><br data-start=\"1486\" data-end=\"1489\">\ud83d\udd39 <strong data-start=\"1492\" data-end=\"1514\">D\u1ea3i dung t\u00edch r\u1ed9ng<\/strong> t\u1eeb <strong data-start=\"1518\" data-end=\"1543\">2 l\u00edt \u0111\u1ebfn 200.000 l\u00edt<\/strong> ph\u00f9 h\u1ee3p v\u1edbi m\u1ecdi quy m\u00f4 h\u1ec7 th\u1ed1ng<\/p><p data-start=\"1421\" data-end=\"1577\"><br><\/p>\n<h4 data-start=\"1584\" data-end=\"1639\"><strong data-start=\"1588\" data-end=\"1637\">GI\u1ea2M T\u00cdN CH\u1ec8 CARBON \u2013 GI\u1ea2I PH\u00c1P B\u1ec0N V\u1eeeNG \ud83c\udf31<\/strong><\/h4>\n<p data-start=\"1640\" data-end=\"1822\">\u2705 <span data-start=\"1642\" data-end=\"1663\">Gi\u1ea3m l\u00e3ng ph\u00ed d\u1ea7u<\/span> \u2013 h\u1ea1n ch\u1ebf t\u1ed1i \u0111a vi\u1ec7c thay d\u1ea7u kh\u00f4ng c\u1ea7n thi\u1ebft<br data-start=\"1710\" data-end=\"1713\">\u2705 <span data-start=\"1715\" data-end=\"1746\">C\u1eaft gi\u1ea3m l\u01b0\u1ee3ng kh\u00ed th\u1ea3i CO\u2082<\/span> nh\u1edd gi\u1ea3m ti\u00eau th\u1ee5 d\u1ea7u<br data-start=\"1768\" data-end=\"1771\">\u2705 <span data-start=\"1773\" data-end=\"1820\">B\u1ea3o v\u1ec7 m\u00f4i tr\u01b0\u1eddng &amp; t\u1ed1i \u01b0u chi ph\u00ed v\u1eadn h\u00e0nh<\/span><\/p>\n<p data-start=\"1824\" data-end=\"1910\" data-is-last-node=\"\" data-is-only-node=\"\"><br><\/p><p data-start=\"1824\" data-end=\"1910\" data-is-last-node=\"\" data-is-only-node=\"\">\ud83d\udca1 <strong data-start=\"1827\" data-end=\"1907\">Ch\u1ecdn CJC\u00ae Fine Filters \u2013 Gi\u1ea3i ph\u00e1p l\u1ecdc d\u1ea7u th\u00f4ng minh, b\u1ec1n v\u1eefng &amp; ti\u1ebft ki\u1ec7m!<\/strong> \ud83d\ude80<\/p>\t\t\t\t\t\t\t\t<\/div>\n\t\t\t\t<\/div>\n\t\t\t\t<div class=\"elementor-element elementor-element-d44df80 elementor-widget elementor-widget-video\" data-id=\"d44df80\" data-element_type=\"widget\" data-settings=\"{&quot;youtube_url&quot;:&quot;https:\\\/\\\/www.youtube.com\\\/watch?v=leN3Fu16p5I&quot;,&quot;video_type&quot;:&quot;youtube&quot;,&quot;controls&quot;:&quot;yes&quot;}\" data-widget_type=\"video.default\">\n\t\t\t\t<div class=\"elementor-widget-container\">\n\t\t\t\t\t\t\t<div class=\"elementor-wrapper elementor-open-inline\">\n\t\t\t<div class=\"elementor-video\"><\/div>\t\t<\/div>\n\t\t\t\t\t\t<\/div>\n\t\t\t\t<\/div>\n\t\t\t\t\t<\/div>\n\t\t<\/div>\n\t\t\t\t<div class=\"elementor-column elementor-col-33 elementor-top-column elementor-element elementor-element-0faa576\" data-id=\"0faa576\" data-element_type=\"column\">\n\t\t\t<div class=\"elementor-widget-wrap elementor-element-populated\">\n\t\t\t\t\t\t<div class=\"elementor-element elementor-element-9ac7161 elementor-widget elementor-widget-image\" data-id=\"9ac7161\" data-element_type=\"widget\" data-widget_type=\"image.default\">\n\t\t\t\t<div class=\"elementor-widget-container\">\n\t\t\t\t\t\t\t\t\t\t\t\t\t\t\t<img fetchpriority=\"high\" decoding=\"async\" width=\"250\" height=\"250\" src=\"https:\/\/fsv.com.vn\/wp-content\/uploads\/2024\/08\/csm_Fine_Filter_1525_51aebe9404.webp\" class=\"attachment-large size-large wp-image-1465\" alt=\"\" srcset=\"https:\/\/fsv.com.vn\/wp-content\/uploads\/2024\/08\/csm_Fine_Filter_1525_51aebe9404.webp 250w, https:\/\/fsv.com.vn\/wp-content\/uploads\/2024\/08\/csm_Fine_Filter_1525_51aebe9404-150x150.webp 150w\" sizes=\"(max-width: 250px) 100vw, 250px\" \/>\t\t\t\t\t\t\t\t\t\t\t\t\t\t\t<\/div>\n\t\t\t\t<\/div>\n\t\t\t\t<div class=\"elementor-element elementor-element-79e45ce elementor-widget elementor-widget-image\" data-id=\"79e45ce\" data-element_type=\"widget\" data-widget_type=\"image.default\">\n\t\t\t\t<div class=\"elementor-widget-container\">\n\t\t\t\t\t\t\t\t\t\t\t\t\t\t\t<img decoding=\"async\" width=\"250\" height=\"250\" src=\"https:\/\/fsv.com.vn\/wp-content\/uploads\/2024\/08\/HDU_27-series.webp\" class=\"attachment-large size-large wp-image-1467\" alt=\"\" srcset=\"https:\/\/fsv.com.vn\/wp-content\/uploads\/2024\/08\/HDU_27-series.webp 250w, https:\/\/fsv.com.vn\/wp-content\/uploads\/2024\/08\/HDU_27-series-150x150.webp 150w\" sizes=\"(max-width: 250px) 100vw, 250px\" \/>\t\t\t\t\t\t\t\t\t\t\t\t\t\t\t<\/div>\n\t\t\t\t<\/div>\n\t\t\t\t<div class=\"elementor-element elementor-element-6611949 elementor-widget elementor-widget-image\" data-id=\"6611949\" data-element_type=\"widget\" data-widget_type=\"image.default\">\n\t\t\t\t<div class=\"elementor-widget-container\">\n\t\t\t\t\t\t\t\t\t\t\t\t\t\t\t<img decoding=\"async\" width=\"250\" height=\"250\" src=\"https:\/\/fsv.com.vn\/wp-content\/uploads\/2024\/08\/HDU_427.jpg\" class=\"attachment-large size-large wp-image-1468\" alt=\"\" srcset=\"https:\/\/fsv.com.vn\/wp-content\/uploads\/2024\/08\/HDU_427.jpg 250w, https:\/\/fsv.com.vn\/wp-content\/uploads\/2024\/08\/HDU_427-150x150.jpg 150w\" sizes=\"(max-width: 250px) 100vw, 250px\" \/>\t\t\t\t\t\t\t\t\t\t\t\t\t\t\t<\/div>\n\t\t\t\t<\/div>\n\t\t\t\t\t<\/div>\n\t\t<\/div>\n\t\t\t\t\t<\/div>\n\t\t<\/section>\n\t\t\t\t<section class=\"elementor-section elementor-top-section elementor-element elementor-element-6f68b6d elementor-section-boxed elementor-section-height-default elementor-section-height-default\" data-id=\"6f68b6d\" data-element_type=\"section\">\n\t\t\t\t\t\t<div class=\"elementor-container elementor-column-gap-default\">\n\t\t\t\t\t<div class=\"elementor-column elementor-col-100 elementor-top-column elementor-element elementor-element-221c208\" data-id=\"221c208\" data-element_type=\"column\">\n\t\t\t<div class=\"elementor-widget-wrap elementor-element-populated\">\n\t\t\t\t\t\t<div class=\"elementor-element elementor-element-738c19b elementor-widget elementor-widget-spacer\" data-id=\"738c19b\" data-element_type=\"widget\" data-widget_type=\"spacer.default\">\n\t\t\t\t<div class=\"elementor-widget-container\">\n\t\t\t\t\t\t\t<div class=\"elementor-spacer\">\n\t\t\t<div class=\"elementor-spacer-inner\"><\/div>\n\t\t<\/div>\n\t\t\t\t\t\t<\/div>\n\t\t\t\t<\/div>\n\t\t\t\t\t<\/div>\n\t\t<\/div>\n\t\t\t\t\t<\/div>\n\t\t<\/section>\n\t\t\t\t<\/div>\n\t\t","protected":false},"excerpt":{"rendered":"<p>CJC\u00ae FINE FILTERS \u2013 GI\u1ea2I PH\u00c1P L\u1eccC D\u1ea6U NGO\u1ea0I TUY\u1ebeN HI\u1ec6U QU\u1ea2 GI\u1ea2I PH\u00c1P L\u1eccC D\u1ea6U CHO HI\u1ec6U SU\u1ea4T V\u1eacN H\u00c0NH T\u1ed0I \u01afU CJC\u00ae Fine Filters l\u00e0 h\u1ec7 th\u1ed1ng l\u1ecdc d\u1ea7u Offline Oil Filtration&nbsp;v\u1edbi b\u01a1m tu\u1ea7n ho\u00e0n t\u00edch h\u1ee3p, \u0111\u01b0\u1ee3c s\u1eed d\u1ee5ng r\u1ed9ng r\u00e3i cho d\u1ea7u th\u1ee7y l\u1ef1c, d\u1ea7u b\u00f4i tr\u01a1n, d\u1ea7u b\u00e1nh r\u0103ng, d\u1ea7u [&hellip;]<\/p>\n","protected":false},"author":1,"featured_media":0,"parent":581,"menu_order":2,"comment_status":"closed","ping_status":"closed","template":"","meta":{"footnotes":""},"class_list":["post-602","page","type-page","status-publish","hentry"],"_links":{"self":[{"href":"https:\/\/fsv.com.vn\/index.php\/wp-json\/wp\/v2\/pages\/602","targetHints":{"allow":["GET"]}}],"collection":[{"href":"https:\/\/fsv.com.vn\/index.php\/wp-json\/wp\/v2\/pages"}],"about":[{"href":"https:\/\/fsv.com.vn\/index.php\/wp-json\/wp\/v2\/types\/page"}],"author":[{"embeddable":true,"href":"https:\/\/fsv.com.vn\/index.php\/wp-json\/wp\/v2\/users\/1"}],"replies":[{"embeddable":true,"href":"https:\/\/fsv.com.vn\/index.php\/wp-json\/wp\/v2\/comments?post=602"}],"version-history":[{"count":26,"href":"https:\/\/fsv.com.vn\/index.php\/wp-json\/wp\/v2\/pages\/602\/revisions"}],"predecessor-version":[{"id":2077,"href":"https:\/\/fsv.com.vn\/index.php\/wp-json\/wp\/v2\/pages\/602\/revisions\/2077"}],"up":[{"embeddable":true,"href":"https:\/\/fsv.com.vn\/index.php\/wp-json\/wp\/v2\/pages\/581"}],"wp:attachment":[{"href":"https:\/\/fsv.com.vn\/index.php\/wp-json\/wp\/v2\/media?parent=602"}],"curies":[{"name":"wp","href":"https:\/\/api.w.org\/{rel}","templated":true}]}}