{"id":597,"date":"2023-03-28T10:54:48","date_gmt":"2023-03-28T03:54:48","guid":{"rendered":"https:\/\/fsv.com.vn\/?page_id=597"},"modified":"2025-03-16T11:01:36","modified_gmt":"2025-03-16T04:01:36","slug":"loi-loc-dau","status":"publish","type":"page","link":"https:\/\/fsv.com.vn\/index.php\/san-pham\/loi-loc-dau\/","title":{"rendered":"L\u00f5i l\u1ecdc d\u1ea7u Filter Insert"},"content":{"rendered":"\t\t<div data-elementor-type=\"wp-page\" data-elementor-id=\"597\" class=\"elementor elementor-597\" data-elementor-post-type=\"page\">\n\t\t\t\t\t\t<section class=\"elementor-section elementor-top-section elementor-element elementor-element-bfc895a elementor-section-boxed elementor-section-height-default elementor-section-height-default\" data-id=\"bfc895a\" data-element_type=\"section\">\n\t\t\t\t\t\t<div class=\"elementor-container elementor-column-gap-default\">\n\t\t\t\t\t<div class=\"elementor-column elementor-col-100 elementor-top-column elementor-element elementor-element-89661b5\" data-id=\"89661b5\" data-element_type=\"column\">\n\t\t\t<div class=\"elementor-widget-wrap elementor-element-populated\">\n\t\t\t\t\t\t<div class=\"elementor-element elementor-element-5e5e5b1 elementor-widget elementor-widget-spacer\" data-id=\"5e5e5b1\" data-element_type=\"widget\" data-widget_type=\"spacer.default\">\n\t\t\t\t<div class=\"elementor-widget-container\">\n\t\t\t\t\t\t\t<div class=\"elementor-spacer\">\n\t\t\t<div class=\"elementor-spacer-inner\"><\/div>\n\t\t<\/div>\n\t\t\t\t\t\t<\/div>\n\t\t\t\t<\/div>\n\t\t\t\t\t<\/div>\n\t\t<\/div>\n\t\t\t\t\t<\/div>\n\t\t<\/section>\n\t\t\t\t<section class=\"elementor-section elementor-top-section elementor-element elementor-element-3e9a617 elementor-section-boxed elementor-section-height-default elementor-section-height-default\" data-id=\"3e9a617\" data-element_type=\"section\">\n\t\t\t\t\t\t<div class=\"elementor-container elementor-column-gap-default\">\n\t\t\t\t\t<div class=\"elementor-column elementor-col-66 elementor-top-column elementor-element elementor-element-4791b6e\" data-id=\"4791b6e\" data-element_type=\"column\">\n\t\t\t<div class=\"elementor-widget-wrap elementor-element-populated\">\n\t\t\t\t\t\t<div class=\"elementor-element elementor-element-18bd871 elementor-widget elementor-widget-text-editor\" data-id=\"18bd871\" data-element_type=\"widget\" data-widget_type=\"text-editor.default\">\n\t\t\t\t<div class=\"elementor-widget-container\">\n\t\t\t\t\t\t\t\t\t<h5><strong>L\u00d5I L\u1eccC D\u1ea6U CJC \u2013 GI\u1ea2I PH\u00c1P L\u1eccC D\u1ea6U HI\u1ec6U QU\u1ea2 &amp; B\u1ec0N V\u1eeeNG<\/strong><\/h5>\n<h4><strong>T\u0102NG TU\u1ed4I TH\u1ecc D\u1ea6U V\u00c0 LINH KI\u1ec6N H\u1ec6 TH\u1ed0NG<\/strong><\/h4>\n<p>CJC\u00ae Filter Inserts gi\u00fap <strong>gi\u1eef d\u1ea7u lu\u00f4n s\u1ea1ch &amp; kh\u00f4<\/strong>, l\u00e0 y\u1ebfu t\u1ed1 quan tr\u1ecdng \u0111\u1ea3m b\u1ea3o <strong>thi\u1ebft b\u1ecb v\u1eadn h\u00e0nh \u1ed5n \u0111\u1ecbnh v\u00e0 b\u1ec1n b\u1ec9<\/strong>. C.C.JENSEN l\u00e0 <strong>nh\u00e0 ti\u00ean phong to\u00e0n c\u1ea7u v\u1ec1 c\u00f4ng ngh\u1ec7 l\u1ecdc d\u1ea7u Offline Oil Filtration <\/strong>v\u1edbi nhi\u1ec1u th\u1eadp k\u1ef7 kinh nghi\u1ec7m tr\u00ean th\u1ecb tr\u01b0\u1eddng qu\u1ed1c t\u1ebf.<\/p>\n<p>K\u1ebft h\u1ee3p <strong>H\u1ec7 th\u1ed1ng L\u1ecdc D\u1ea7u CJC\u00ae<\/strong> c\u00f9ng v\u1edbi <strong>L\u00f5i l\u1ecdc ch\u00ednh h\u00e3ng<\/strong>, nh\u00e0 m\u00e1y c\u00f3 \u0111\u01b0\u1ee3c <strong>gi\u1ea3i ph\u00e1p t\u1ed1i \u01b0u v\u1edbi kh\u1ea3 n\u0103ng gi\u1eef t\u1ea1p ch\u1ea5t cao nh\u1ea5t tr\u00ean th\u1ecb tr\u01b0\u1eddng<\/strong>.<\/p>\n<h4><strong><br><\/strong><\/h4><h4><strong>KH\u1ea2 N\u0102NG L\u1eccC V\u01af\u1ee2T TR\u1ed8I<\/strong><\/h4>\n<p>\u2714\ufe0f Lo\u1ea1i b\u1ecf \u0111\u1ebfn 98.7% c\u00e1c h\u1ea1t r\u1eafn \u2265 3\u00b5m ch\u1ec9 trong m\u1ed9t l\u1ea7n l\u1ecdc<br>\u2714\ufe0f Kh\u1ea3 n\u0103ng gi\u1eef t\u1ea1p ch\u1ea5t l\u00ean \u0111\u1ebfn 4 kg (ho\u1eb7c h\u01a1n t\u00f9y \u1ee9ng d\u1ee5ng)<br>\u2714\ufe0f Lo\u1ea1i b\u1ecf hi\u1ec7u qu\u1ea3: c\u1eb7n b\u1ea9n, n\u01b0\u1edbc, c\u1eb7n oxi h\u00f3a, axit v\u00e0 varnish<br>\u2714\ufe0f Thi\u1ebft k\u1ebf m\u00f4-\u0111un ph\u00f9 h\u1ee3p v\u1edbi m\u1ecdi h\u1ec7 th\u1ed1ng v\u00e0 quy m\u00f4<\/p>\n<h4><strong><br><\/strong><\/h4><h4><strong>C\u00d4NG NGH\u1ec6 L\u1eccC S\u00c2U (DEPTH FILTRATION) V\u01af\u1ee2T TR\u1ed8I<\/strong><\/h4>\n<p>\ud83d\udd38 <strong>So s\u00e1nh v\u1edbi l\u1ecdc n\u1ebfp g\u1ea5p (Pleated Filters)<\/strong><br>CJC\u00ae Filter Inserts s\u1eed d\u1ee5ng <strong>c\u1ea5u tr\u00fac \u0111\u0129a li\u00ean k\u1ebft \u0111\u1ed9c quy\u1ec1n<\/strong>, t\u1ea1o ra <strong>di\u1ec7n t\u00edch b\u1ec1 m\u1eb7t l\u1ecdc c\u1ef1c l\u1edbn<\/strong>. C\u00f4ng ngh\u1ec7 n\u00e0y gi\u00fap \u0111\u1ea1t <strong>kh\u1ea3 n\u0103ng gi\u1eef b\u1ee5i b\u1ea9n v\u01b0\u1ee3t tr\u1ed9i so v\u1edbi c\u00e1c b\u1ed9 l\u1ecdc cellulose th\u00f4ng th\u01b0\u1eddng<\/strong>.<\/p>\n<p>\ud83d\udd38 <strong>L\u1ee3i \u00edch t\u1eeb kh\u1ea3 n\u0103ng gi\u1eef b\u1ee5i cao (Dirt Holding Capacity &#8211; DHC):<\/strong><\/p>\n<ul>\n<li><strong>Gi\u1ea3m chi ph\u00ed thay l\u00f5i l\u1ecdc<\/strong> (chi ph\u00ed tr\u00ean m\u1ed7i kg t\u1ea1p ch\u1ea5t th\u1ea5p h\u01a1n 10 l\u1ea7n so v\u1edbi c\u00e1c gi\u1ea3i ph\u00e1p kh\u00e1c)<\/li>\n<li><strong>Gi\u1ea3m t\u1ed5ng chi ph\u00ed s\u1edf h\u1eefu (TCO) &amp; chi ph\u00ed b\u1ea3o tr\u00ec h\u1ec7 th\u1ed1ng<\/strong><\/li>\n<\/ul>\n<h4><strong><br><\/strong><\/h4><h4><strong>T\u01af\u01a0NG TH\u00cdCH V\u1edaI M\u1eccI LO\u1ea0I D\u1ea6U<\/strong><\/h4>\n<p>CJC\u00ae Filter Inserts \u0111\u01b0\u1ee3c thi\u1ebft k\u1ebf \u0111\u1ec3 b\u1ea3o tr\u00ec cho g\u1ea7n nh\u01b0 <strong>t\u1ea5t c\u1ea3 c\u00e1c lo\u1ea1i d\u1ea7u<\/strong>, bao g\u1ed3m:<br>\u2714\ufe0f D\u1ea7u th\u1ee7y l\u1ef1c, d\u1ea7u b\u00e1nh r\u0103ng, d\u1ea7u b\u00f4i tr\u01a1n, d\u1ea7u \u0111\u1ed9ng c\u01a1 (2 &amp; 4 th\u00ec)<br>\u2714\ufe0f D\u1ea7u diesel (MGO, MDO, LSFO), d\u1ea7u quench, d\u1ea7u bi\u1ebfn \u00e1p, d\u1ea7u turbine<br>\u2714\ufe0f D\u1ea7u truy\u1ec1n nhi\u1ec7t, d\u1ea7u l\u00e0m m\u00e1t, d\u1ea7u b\u00f4i tr\u01a1n m\u00e1y n\u00e9n l\u1ea1nh, d\u1ea7u EAL, glycol-based fluids<br>\u2714\ufe0f D\u1ea7u ch\u1ed1ng ch\u00e1y g\u1ed1c n\u01b0\u1edbc (HFA, HFB), d\u1ea7u cho m\u00e1y c\u00f4ng c\u1ee5 v.v.<\/p>\n<h4><strong><br><\/strong><\/h4><h4><strong>GI\u1ea2I PH\u00c1P B\u1ec0N V\u1eeeNG &amp; TH\u00c2N THI\u1ec6N M\u00d4I TR\u01af\u1edcNG \ud83c\udf31<\/strong><\/h4>\n<p>\ud83d\udd38 CJC\u00ae Filter Inserts \u0111\u01b0\u1ee3c l\u00e0m t\u1eeb 100% s\u1ee3i cellulose t\u1ef1 nhi\u00ean<br>\ud83d\udd38 Kh\u00f4ng ch\u1ee9a kim lo\u1ea1i, nh\u1ef1a ho\u1eb7c h\u00f3a ch\u1ea5t \u0111\u1ed9c h\u1ea1i<br>\ud83d\udd38 S\u1ee3i cellulose t\u1ef1 nhi\u00ean c\u00f3 kh\u1ea3 n\u0103ng l\u1ecdc t\u1ed1t h\u01a1n so v\u1edbi s\u1ee3i t\u1ed5ng h\u1ee3p<br>\ud83d\udd38 Gi\u1ea3m thi\u1ec3u r\u00e1c th\u1ea3i c\u00f4ng nghi\u1ec7p &amp; t\u00e1c \u0111\u1ed9ng m\u00f4i tr\u01b0\u1eddng<\/p>\n<p>\ud83d\udca1 <strong>Ch\u1ecdn CJC\u00ae Filter Inserts \u2013 Gi\u1ea3i ph\u00e1p l\u1ecdc d\u1ea7u hi\u1ec7u qu\u1ea3, ti\u1ebft ki\u1ec7m &amp; b\u1ec1n v\u1eefng!<\/strong> \ud83d\ude80<\/p>\t\t\t\t\t\t\t\t<\/div>\n\t\t\t\t<\/div>\n\t\t\t\t\t<\/div>\n\t\t<\/div>\n\t\t\t\t<div class=\"elementor-column elementor-col-33 elementor-top-column elementor-element elementor-element-1eda67a\" data-id=\"1eda67a\" data-element_type=\"column\">\n\t\t\t<div class=\"elementor-widget-wrap elementor-element-populated\">\n\t\t\t\t\t\t<div class=\"elementor-element elementor-element-9ac7161 elementor-widget elementor-widget-image\" data-id=\"9ac7161\" data-element_type=\"widget\" data-widget_type=\"image.default\">\n\t\t\t\t<div class=\"elementor-widget-container\">\n\t\t\t\t\t\t\t\t\t\t\t\t\t\t\t<img fetchpriority=\"high\" decoding=\"async\" width=\"250\" height=\"270\" src=\"https:\/\/fsv.com.vn\/wp-content\/uploads\/2023\/03\/depth-filtraiton-efficiencycjc-filter-insertsgeneral-6062.jpg\" class=\"attachment-large size-large wp-image-587\" alt=\"\" \/>\t\t\t\t\t\t\t\t\t\t\t\t\t\t\t<\/div>\n\t\t\t\t<\/div>\n\t\t\t\t<div class=\"elementor-element elementor-element-0c58370 elementor-widget elementor-widget-image\" data-id=\"0c58370\" data-element_type=\"widget\" data-widget_type=\"image.default\">\n\t\t\t\t<div class=\"elementor-widget-container\">\n\t\t\t\t\t\t\t\t\t\t\t\t\t\t\t<img decoding=\"async\" width=\"250\" height=\"156\" src=\"https:\/\/fsv.com.vn\/wp-content\/uploads\/2023\/03\/csmspecific-surface-areagenerala51d544b21-5136.jpg\" class=\"attachment-large size-large wp-image-588\" alt=\"\" \/>\t\t\t\t\t\t\t\t\t\t\t\t\t\t\t<\/div>\n\t\t\t\t<\/div>\n\t\t\t\t<div class=\"elementor-element elementor-element-4acd499 elementor-widget elementor-widget-image\" data-id=\"4acd499\" data-element_type=\"widget\" data-widget_type=\"image.default\">\n\t\t\t\t<div class=\"elementor-widget-container\">\n\t\t\t\t\t\t\t\t\t\t\t\t\t\t\t<img decoding=\"async\" width=\"250\" height=\"250\" src=\"https:\/\/fsv.com.vn\/wp-content\/uploads\/2023\/03\/filterinserts-5936.jpg\" class=\"attachment-large size-large wp-image-589\" alt=\"\" srcset=\"https:\/\/fsv.com.vn\/wp-content\/uploads\/2023\/03\/filterinserts-5936.jpg 250w, https:\/\/fsv.com.vn\/wp-content\/uploads\/2023\/03\/filterinserts-5936-150x150.jpg 150w\" sizes=\"(max-width: 250px) 100vw, 250px\" \/>\t\t\t\t\t\t\t\t\t\t\t\t\t\t\t<\/div>\n\t\t\t\t<\/div>\n\t\t\t\t<div class=\"elementor-element elementor-element-d7152b7 elementor-widget elementor-widget-image\" data-id=\"d7152b7\" data-element_type=\"widget\" data-widget_type=\"image.default\">\n\t\t\t\t<div class=\"elementor-widget-container\">\n\t\t\t\t\t\t\t\t\t\t\t\t\t\t\t<img loading=\"lazy\" decoding=\"async\" width=\"250\" height=\"266\" src=\"https:\/\/fsv.com.vn\/wp-content\/uploads\/2023\/03\/csmco2-world100-pct-natural-cellulose-fibers127db31292-5838.jpg\" class=\"attachment-large size-large wp-image-590\" alt=\"\" \/>\t\t\t\t\t\t\t\t\t\t\t\t\t\t\t<\/div>\n\t\t\t\t<\/div>\n\t\t\t\t\t<\/div>\n\t\t<\/div>\n\t\t\t\t\t<\/div>\n\t\t<\/section>\n\t\t\t\t<section class=\"elementor-section elementor-top-section elementor-element elementor-element-3b3c9d7 elementor-section-boxed elementor-section-height-default elementor-section-height-default\" data-id=\"3b3c9d7\" data-element_type=\"section\">\n\t\t\t\t\t\t<div class=\"elementor-container elementor-column-gap-default\">\n\t\t\t\t\t<div class=\"elementor-column elementor-col-100 elementor-top-column elementor-element elementor-element-d9fd20f\" data-id=\"d9fd20f\" data-element_type=\"column\">\n\t\t\t<div class=\"elementor-widget-wrap elementor-element-populated\">\n\t\t\t\t\t\t<div class=\"elementor-element elementor-element-3d7b3f4 elementor-widget elementor-widget-spacer\" data-id=\"3d7b3f4\" data-element_type=\"widget\" data-widget_type=\"spacer.default\">\n\t\t\t\t<div class=\"elementor-widget-container\">\n\t\t\t\t\t\t\t<div class=\"elementor-spacer\">\n\t\t\t<div class=\"elementor-spacer-inner\"><\/div>\n\t\t<\/div>\n\t\t\t\t\t\t<\/div>\n\t\t\t\t<\/div>\n\t\t\t\t\t<\/div>\n\t\t<\/div>\n\t\t\t\t\t<\/div>\n\t\t<\/section>\n\t\t\t\t<\/div>\n\t\t","protected":false},"excerpt":{"rendered":"<p>L\u00d5I L\u1eccC D\u1ea6U CJC \u2013 GI\u1ea2I PH\u00c1P L\u1eccC D\u1ea6U HI\u1ec6U QU\u1ea2 &amp; B\u1ec0N V\u1eeeNG T\u0102NG TU\u1ed4I TH\u1ecc D\u1ea6U V\u00c0 LINH KI\u1ec6N H\u1ec6 TH\u1ed0NG CJC\u00ae Filter Inserts gi\u00fap gi\u1eef d\u1ea7u lu\u00f4n s\u1ea1ch &amp; kh\u00f4, l\u00e0 y\u1ebfu t\u1ed1 quan tr\u1ecdng \u0111\u1ea3m b\u1ea3o thi\u1ebft b\u1ecb v\u1eadn h\u00e0nh \u1ed5n \u0111\u1ecbnh v\u00e0 b\u1ec1n b\u1ec9. C.C.JENSEN l\u00e0 nh\u00e0 ti\u00ean phong to\u00e0n [&hellip;]<\/p>\n","protected":false},"author":1,"featured_media":0,"parent":581,"menu_order":1,"comment_status":"closed","ping_status":"closed","template":"","meta":{"footnotes":""},"class_list":["post-597","page","type-page","status-publish","hentry"],"_links":{"self":[{"href":"https:\/\/fsv.com.vn\/index.php\/wp-json\/wp\/v2\/pages\/597","targetHints":{"allow":["GET"]}}],"collection":[{"href":"https:\/\/fsv.com.vn\/index.php\/wp-json\/wp\/v2\/pages"}],"about":[{"href":"https:\/\/fsv.com.vn\/index.php\/wp-json\/wp\/v2\/types\/page"}],"author":[{"embeddable":true,"href":"https:\/\/fsv.com.vn\/index.php\/wp-json\/wp\/v2\/users\/1"}],"replies":[{"embeddable":true,"href":"https:\/\/fsv.com.vn\/index.php\/wp-json\/wp\/v2\/comments?post=597"}],"version-history":[{"count":20,"href":"https:\/\/fsv.com.vn\/index.php\/wp-json\/wp\/v2\/pages\/597\/revisions"}],"predecessor-version":[{"id":2061,"href":"https:\/\/fsv.com.vn\/index.php\/wp-json\/wp\/v2\/pages\/597\/revisions\/2061"}],"up":[{"embeddable":true,"href":"https:\/\/fsv.com.vn\/index.php\/wp-json\/wp\/v2\/pages\/581"}],"wp:attachment":[{"href":"https:\/\/fsv.com.vn\/index.php\/wp-json\/wp\/v2\/media?parent=597"}],"curies":[{"name":"wp","href":"https:\/\/api.w.org\/{rel}","templated":true}]}}