{"id":441,"date":"2023-03-28T08:44:13","date_gmt":"2023-03-28T01:44:13","guid":{"rendered":"https:\/\/fsv.com.vn\/?page_id=441"},"modified":"2023-07-04T10:42:32","modified_gmt":"2023-07-04T03:42:32","slug":"may-nghien-tinh","status":"publish","type":"page","link":"https:\/\/fsv.com.vn\/index.php\/giai-phap\/khai-khoang\/may-nghien-tinh\/","title":{"rendered":"M\u00e1y nghi\u1ec1n tinh"},"content":{"rendered":"\t\t<div data-elementor-type=\"wp-page\" data-elementor-id=\"441\" class=\"elementor elementor-441\" data-elementor-post-type=\"page\">\n\t\t\t\t\t\t<section class=\"elementor-section elementor-top-section elementor-element elementor-element-fe05c7e elementor-section-boxed elementor-section-height-default elementor-section-height-default\" data-id=\"fe05c7e\" data-element_type=\"section\">\n\t\t\t\t\t\t<div class=\"elementor-container elementor-column-gap-default\">\n\t\t\t\t\t<div class=\"elementor-column elementor-col-100 elementor-top-column elementor-element elementor-element-41160bf\" data-id=\"41160bf\" data-element_type=\"column\">\n\t\t\t<div class=\"elementor-widget-wrap elementor-element-populated\">\n\t\t\t\t\t\t<div class=\"elementor-element elementor-element-c92ede2 elementor-widget elementor-widget-heading\" data-id=\"c92ede2\" data-element_type=\"widget\" data-widget_type=\"heading.default\">\n\t\t\t\t<div class=\"elementor-widget-container\">\n\t\t\t\t\t<h3 class=\"elementor-heading-title elementor-size-default\">M\u00e1y nghi\u1ec1n tinh<\/h3>\t\t\t\t<\/div>\n\t\t\t\t<\/div>\n\t\t\t\t<div class=\"elementor-element elementor-element-65dad70 elementor-widget elementor-widget-text-editor\" data-id=\"65dad70\" data-element_type=\"widget\" data-widget_type=\"text-editor.default\">\n\t\t\t\t<div class=\"elementor-widget-container\">\n\t\t\t\t\t\t\t\t\t<p>C\u00e1c nh\u00e0 m\u00e1y trong ho\u1ea1t \u0111\u1ed9ng khai th\u00e1c nghi\u1ec1n s\u1ea3n ph\u1ea9m t\u1eeb m\u00e1y nghi\u1ec1n th\u00e0nh v\u1eadt li\u1ec7u m\u1ecbn s\u1eb5n s\u00e0ng \u0111\u1ec3 x\u1eed l\u00fd. M\u00e1y nghi\u1ec1n thanh, m\u00e1y nghi\u1ec1n bi, m\u00e1y nghi\u1ec1n t\u1ef1 sinh v\u00e0 m\u00e1y nghi\u1ec1n b\u00e1n t\u1ef1 sinh (SAG Mills) \u0111\u1ec1u c\u00f3 m\u1ed9t s\u1ed1 h\u1ec7 th\u1ed1ng b\u00f4i tr\u01a1n v\u00e0 th\u1ee7y l\u1ef1c, \u0111\u1ed3ng th\u1eddi ch\u00fang ph\u1ea3i ho\u1ea1t \u0111\u1ed9ng \u0111\u1ec3 gi\u1eef cho s\u1ea3n l\u01b0\u1ee3ng kho\u00e1ng s\u1ea3n \u1edf m\u1ee9c cao. D\u1ea7u c\u1ee7a h\u1ec7 th\u1ed1ng nh\u00e0 m\u00e1y c\u00f3 h\u00e0m l\u01b0\u1ee3ng h\u1ea1t r\u1ea5t m\u1ecbn cao, v\u00e0 nhi\u1ec1u ng\u01b0\u1eddi v\u1eadn h\u00e0nh tin r\u1eb1ng nh\u00e0 m\u00e1y n\u00ean ng\u1eebng ho\u1ea1t \u0111\u1ed9ng \u0111\u1ecbnh k\u1ef3 \u0111\u1ec3 thay d\u1ea7u. Nh\u01b0ng n\u1ebfu b\u1ea1n gi\u1eef cho d\u1ea7u s\u1ea1ch v\u00e0 kh\u00f4 b\u1eb1ng c\u00e1ch s\u1eed d\u1ee5ng c\u00e1c gi\u1ea3i ph\u00e1p L\u1ecdc d\u1ea7u CJC\u00ae, th\u00ec \u0111i\u1ec1u n\u00e0y c\u00f3 th\u1ec3 tr\u00e1nh \u0111\u01b0\u1ee3c v\u00e0 b\u1ed9 ngu\u1ed3n th\u1ee7y l\u1ef1c, \u0111\u1ed9ng c\u01a1 \u0111i\u1ec1u ch\u1ec9nh th\u1ee7y l\u1ef1c, van v\u00e0 m\u00e1y b\u01a1m c\u1ee7a b\u1ea1n s\u1ebd ho\u1ea1t \u0111\u1ed9ng t\u1ed1t v\u00e0 c\u00f3 tu\u1ed5i th\u1ecd cao.<\/p><p><strong>Th\u1eed th\u00e1ch<\/strong><\/p><p>B\u1ee5i m\u1ecbn v\u00e0 c\u00e1c h\u1ea1t t\u1eeb c\u00e1c ho\u1ea1t \u0111\u1ed9ng xay x\u00e1t l\u00e0m cho c\u00e1c c\u1ed1i xay b\u1ecb m\u00e0i m\u00f2n nghi\u00eam tr\u1ecdng. M\u1eb7c d\u00f9 th\u1ef1c t\u1ebf r\u1eb1ng c\u00e1c m\u00e1y nghi\u1ec1n l\u00e0 nh\u1eefng b\u1ed9 ph\u1eadn c\u1ee9ng r\u1eafn c\u1ee7a thi\u1ebft b\u1ecb, nh\u01b0ng \u0111\u1ed9 d\u00e0y c\u1ee7a m\u00e0ng d\u1ea7u gi\u1eefa c\u00e1c b\u1ed9 ph\u1eadn quan tr\u1ecdng \u0111ang chuy\u1ec3n \u0111\u1ed9ng trong h\u1ec7 th\u1ed1ng b\u00f4i tr\u01a1n c\u00f3 k\u00edch th\u01b0\u1edbc x\u1ea5p x\u1ec9 b\u1eb1ng 90% c\u00e1c h\u1ea1t do ho\u1ea1t \u0111\u1ed9ng t\u1ea1o ra. \u0110i\u1ec1u n\u00e0y g\u00e2y ra m\u00e0i m\u00f2n qu\u00e1 m\u1ee9c v\u00e0 ng\u01b0\u1eddi ta th\u01b0\u1eddng th\u1ea5y d\u1ea7u thay \u0111\u1ed5i 3 \u0111\u1ebfn 4 th\u00e1ng m\u1ed9t l\u1ea7n v\u00e0 \u0111\u1ea1i tu h\u1ed9p s\u1ed1 ch\u00ednh sau m\u1ed7i 9 \u0111\u1ebfn 12 th\u00e1ng. \u0110\u00fang l\u00e0 b\u1ea1n c\u1ea7n gi\u1eef cho h\u1ec7 th\u1ed1ng c\u1ee7a m\u00ecnh s\u1ea1ch s\u1ebd \u0111\u1ec3 tr\u00e1nh nh\u1eefng h\u1ecfng h\u00f3c kh\u00f4ng l\u01b0\u1eddng tr\u01b0\u1edbc v\u00e0\/ho\u1eb7c hao m\u00f2n qu\u00e1 m\u1ee9c, nh\u01b0ng thay d\u1ea7u 3 \u0111\u1ebfn 4 th\u00e1ng m\u1ed9t l\u1ea7n kh\u00f4ng ph\u1ea3i l\u00e0 c\u00e1ch duy nh\u1ea5t \u0111\u1ec3 l\u00e0m \u0111i\u1ec1u n\u00e0y. Tr\u00ean th\u1ef1c t\u1ebf, b\u1ea1n c\u00f3 th\u1ec3 gi\u1eef d\u1ea7u s\u1ea1ch v\u00e0 h\u1ec7 th\u1ed1ng \u1edf t\u00ecnh tr\u1ea1ng t\u1ed1t h\u01a1n b\u1eb1ng c\u00e1ch s\u1eed d\u1ee5ng b\u1ed9 l\u1ecdc D\u1ea7u CJC h\u01a1n l\u00e0 thay d\u1ea7u th\u01b0\u1eddng xuy\u00ean. \u0110i\u1ec1u n\u00e0y c\u0169ng gi\u1ea3i th\u00edch c\u00e1ch c\u00e1c th\u00e0nh ph\u1ea7n quan tr\u1ecdng c\u00f3 tu\u1ed5i th\u1ecd g\u1ea5p \u0111\u00f4i so v\u1edbi nh\u1eefng g\u00ec b\u1ea1n th\u01b0\u1eddng th\u1ea5y.<\/p>\t\t\t\t\t\t\t\t<\/div>\n\t\t\t\t<\/div>\n\t\t\t\t<div class=\"elementor-element elementor-element-a65b022 elementor-widget elementor-widget-text-editor\" data-id=\"a65b022\" data-element_type=\"widget\" data-widget_type=\"text-editor.default\">\n\t\t\t\t<div class=\"elementor-widget-container\">\n\t\t\t\t\t\t\t\t\t<p><strong>L\u1ee3i \u00edch, c\u00e0i \u0111\u1eb7t B\u1ed9 l\u1ecdc d\u1ea7u CJC\u00ae<\/strong><\/p><ul><li>Tr\u00e1nh t\u1eaft m\u00e1y v\u00e0 t\u0103ng s\u1ea3n l\u01b0\u1ee3ng s\u1ea3n xu\u1ea5t<\/li><li>K\u00e9o d\u00e0i tu\u1ed5i th\u1ecd c\u1ee7a d\u1ea7u b\u00f4i tr\u01a1n v\u00e0 d\u1ea7u th\u1ee7y l\u1ef1c v\u1edbi h\u1ec7 s\u1ed1 3-4<\/li><li>Gi\u1ea3m m\u1ee9c ti\u00eau th\u1ee5 ph\u1ee5 t\u00f9ng l\u00ean \u0111\u1ebfn 60%<\/li><li>B\u1ea3o v\u1ec7 kho\u1ea3n \u0111\u1ea7u t\u01b0 c\u1ee7a b\u1ea1n<\/li><li>Gi\u1ea3m nguy c\u01a1 h\u1ecfng h\u00f3c, s\u1eeda ch\u1eefa v\u00e0 b\u1ea3o tr\u00ec ngo\u00e0i \u00fd mu\u1ed1n v\u00e0 c\u00f3 \u0111\u01b0\u1ee3c s\u1ef1 an t\u00e2m<\/li><\/ul>\t\t\t\t\t\t\t\t<\/div>\n\t\t\t\t<\/div>\n\t\t\t\t<div class=\"elementor-element elementor-element-74c411d elementor-widget elementor-widget-text-editor\" data-id=\"74c411d\" data-element_type=\"widget\" data-widget_type=\"text-editor.default\">\n\t\t\t\t<div class=\"elementor-widget-container\">\n\t\t\t\t\t\t\t\t\t<p>Tu\u1ed5i th\u1ecd c\u1ee7a d\u1ea7u b\u00f4i tr\u01a1n m\u00e1y nghi\u1ec1n v\u00e0 d\u1ea7u th\u1ee7y l\u1ef1c c\u00f3 th\u1ec3 \u0111\u01b0\u1ee3c k\u00e9o d\u00e0i theo h\u1ec7 s\u1ed1 3-4, \u0111\u1ed3ng th\u1eddi b\u1ea3o v\u1ec7 c\u00e1c b\u1ed9 ph\u1eadn t\u1ed1t h\u01a1n. \u0110i\u1ec1u n\u00e0y mang l\u1ea1i cho b\u1ea1n s\u1ea3n xu\u1ea5t \u0111\u00e1ng tin c\u1eady h\u01a1n. Khi b\u1ea1n c\u00e0i \u0111\u1eb7t gi\u1ea3i ph\u00e1p L\u1ecdc d\u1ea7u CJC\u00ae tr\u00ean h\u1ec7 th\u1ed1ng th\u1ee7y l\u1ef1c v\u00e0 d\u1ea7u b\u00f4i tr\u01a1n c\u1ee7a m\u00e1y nghi\u1ec1n SAG, b\u1ea1n s\u1ebd c\u00f3 \u0111\u01b0\u1ee3c b\u1ed9 l\u1ecdc d\u1ea7u c\u00f3 kh\u1ea3 n\u0103ng l\u1ecdc ch\u1ea5t b\u1ea9n cao nh\u1ea5t ph\u00f9 h\u1ee3p v\u1edbi c\u00e1c kho\u1ea3ng th\u1eddi gian b\u1ea3o d\u01b0\u1ee1ng th\u00f4ng th\u01b0\u1eddng, do \u0111\u00f3 b\u1ea1n kh\u00f4ng c\u1ea7n ph\u1ea3i b\u1ea3o d\u01b0\u1ee1ng b\u1ed9 l\u1ecdc k\u1ecbp th\u1eddi. CJC\u00ae gi\u1eef cho d\u1ea7u s\u1ea1ch, kh\u00f4 v\u00e0 kh\u00f4ng c\u00f3 c\u1eb7n oxy h\u00f3a, \u0111i\u1ec1u n\u00e0y \u0111\u00e3 \u0111\u01b0\u1ee3c ghi nh\u1eadn trong nhi\u1ec1u n\u0103m v\u00e0 trong h\u00e0ng ngh\u00ecn c\u01a1 s\u1edf c\u00f4ng nghi\u1ec7p \u2013 nhi\u1ec1u trong s\u1ed1 \u0111\u00f3 n\u1eb1m trong m\u00f4i tr\u01b0\u1eddng khai th\u00e1c m\u1ecf kh\u1eafc nghi\u1ec7t. V\u00e0 b\u1ea1n th\u1eadm ch\u00ed c\u00f3 th\u1ec3 gi\u00e1m s\u00e1t t\u1eeb xa t\u00ecnh tr\u1ea1ng h\u1ec7 th\u1ed1ng c\u1ee7a m\u00ecnh b\u1eb1ng c\u00e1ch s\u1eed d\u1ee5ng B\u1ed9 gi\u00e1m s\u00e1t \u00f4 nhi\u1ec5m d\u1ea7u (OCM).<\/p>\t\t\t\t\t\t\t\t<\/div>\n\t\t\t\t<\/div>\n\t\t\t\t<div class=\"elementor-element elementor-element-d4480d9 elementor-widget elementor-widget-text-editor\" data-id=\"d4480d9\" data-element_type=\"widget\" data-widget_type=\"text-editor.default\">\n\t\t\t\t<div class=\"elementor-widget-container\">\n\t\t\t\t\t\t\t\t\t<p><strong>Gi\u1ea3i ph\u00e1p c\u1ee7a b\u1ea1n<\/strong><\/p><p>\u0110\u1ed1i v\u1edbi c\u00e1c nh\u00e0 m\u00e1y, c\u00e1c Gi\u1ea3i ph\u00e1p H\u1ec7 th\u1ed1ng CJC\u00ae sau \u0111\u00e2y \u0111\u01b0\u1ee3c \u00e1p d\u1ee5ng:<\/p><ul><li>B\u1ed9 l\u1ecdc m\u1ecbn, HDU 27\/108<\/li><li>B\u1ed9 t\u00e1ch l\u1ecdc, s\u00ea-ri PTU<\/li><li>ch\u1ea5t h\u00fat \u1ea9m<\/li><li>Ph\u1ee5 ki\u1ec7n b\u1ed9 l\u1ecdc lo\u1ea1i B<\/li><li>M\u00e0n h\u00ecnh \u00f4 nhi\u1ec5m d\u1ea7u, OCM15<\/li><\/ul>\t\t\t\t\t\t\t\t<\/div>\n\t\t\t\t<\/div>\n\t\t\t\t<div class=\"elementor-element elementor-element-a4397b0 elementor-widget elementor-widget-text-editor\" data-id=\"a4397b0\" data-element_type=\"widget\" data-widget_type=\"text-editor.default\">\n\t\t\t\t<div class=\"elementor-widget-container\">\n\t\t\t\t\t\t\t\t\t<p>Gi\u1ea3i ph\u00e1p h\u1ec7 th\u1ed1ng CJC\u00ae ph\u00f9 h\u1ee3p v\u1edbi t\u1ea5t c\u1ea3 c\u00e1c h\u1ec7 th\u1ed1ng nh\u00e0 m\u00e1y b\u1ea5t k\u1ec3 l\u01b0\u1ee3ng d\u1ea7u v\u00e0 s\u1ebd gi\u00fap b\u1ea1n y\u00ean t\u00e2m v\u1eadn h\u00e0nh nh\u00e0 m\u00e1y c\u1ee7a m\u00ecnh. L\u1eafp B\u1ed9 l\u1ecdc d\u1ea7u CJC\u00ae l\u00e0 m\u1ed9t c\u00f4ng vi\u1ec7c l\u1eafp \u0111\u1eb7t nh\u1ecf nh\u01b0ng s\u1ebd c\u00f3 t\u00e1c \u0111\u1ed9ng l\u1edbn \u0111\u1ebfn ho\u1ea1t \u0111\u1ed9ng v\u00e0 \u0111\u1ed9 tin c\u1eady c\u1ee7a c\u00e1c nh\u00e0 m\u00e1y c\u1ee7a b\u1ea1n.<\/p>\t\t\t\t\t\t\t\t<\/div>\n\t\t\t\t<\/div>\n\t\t\t\t\t<\/div>\n\t\t<\/div>\n\t\t\t\t\t<\/div>\n\t\t<\/section>\n\t\t\t\t<\/div>\n\t\t","protected":false},"excerpt":{"rendered":"<p>M\u00e1y nghi\u1ec1n tinh C\u00e1c nh\u00e0 m\u00e1y trong ho\u1ea1t \u0111\u1ed9ng khai th\u00e1c nghi\u1ec1n s\u1ea3n ph\u1ea9m t\u1eeb m\u00e1y nghi\u1ec1n th\u00e0nh v\u1eadt li\u1ec7u m\u1ecbn s\u1eb5n s\u00e0ng \u0111\u1ec3 x\u1eed l\u00fd. M\u00e1y nghi\u1ec1n thanh, m\u00e1y nghi\u1ec1n bi, m\u00e1y nghi\u1ec1n t\u1ef1 sinh v\u00e0 m\u00e1y nghi\u1ec1n b\u00e1n t\u1ef1 sinh (SAG Mills) \u0111\u1ec1u c\u00f3 m\u1ed9t s\u1ed1 h\u1ec7 th\u1ed1ng b\u00f4i tr\u01a1n v\u00e0 th\u1ee7y l\u1ef1c, [&hellip;]<\/p>\n","protected":false},"author":1,"featured_media":0,"parent":174,"menu_order":6,"comment_status":"closed","ping_status":"closed","template":"","meta":{"footnotes":""},"class_list":["post-441","page","type-page","status-publish","hentry"],"_links":{"self":[{"href":"https:\/\/fsv.com.vn\/index.php\/wp-json\/wp\/v2\/pages\/441","targetHints":{"allow":["GET"]}}],"collection":[{"href":"https:\/\/fsv.com.vn\/index.php\/wp-json\/wp\/v2\/pages"}],"about":[{"href":"https:\/\/fsv.com.vn\/index.php\/wp-json\/wp\/v2\/types\/page"}],"author":[{"embeddable":true,"href":"https:\/\/fsv.com.vn\/index.php\/wp-json\/wp\/v2\/users\/1"}],"replies":[{"embeddable":true,"href":"https:\/\/fsv.com.vn\/index.php\/wp-json\/wp\/v2\/comments?post=441"}],"version-history":[{"count":10,"href":"https:\/\/fsv.com.vn\/index.php\/wp-json\/wp\/v2\/pages\/441\/revisions"}],"predecessor-version":[{"id":1297,"href":"https:\/\/fsv.com.vn\/index.php\/wp-json\/wp\/v2\/pages\/441\/revisions\/1297"}],"up":[{"embeddable":true,"href":"https:\/\/fsv.com.vn\/index.php\/wp-json\/wp\/v2\/pages\/174"}],"wp:attachment":[{"href":"https:\/\/fsv.com.vn\/index.php\/wp-json\/wp\/v2\/media?parent=441"}],"curies":[{"name":"wp","href":"https:\/\/api.w.org\/{rel}","templated":true}]}}