{"id":436,"date":"2023-03-28T08:43:17","date_gmt":"2023-03-28T01:43:17","guid":{"rendered":"https:\/\/fsv.com.vn\/?page_id=436"},"modified":"2025-03-16T16:10:14","modified_gmt":"2025-03-16T09:10:14","slug":"may-nghien-tho","status":"publish","type":"page","link":"https:\/\/fsv.com.vn\/index.php\/giai-phap\/khai-khoang\/may-nghien-tho\/","title":{"rendered":"M\u00e1y nghi\u1ec1n th\u00f4"},"content":{"rendered":"\t\t<div data-elementor-type=\"wp-page\" data-elementor-id=\"436\" class=\"elementor elementor-436\" data-elementor-post-type=\"page\">\n\t\t\t\t\t\t<section class=\"elementor-section elementor-top-section elementor-element elementor-element-c1a34e5 elementor-section-boxed elementor-section-height-default elementor-section-height-default\" data-id=\"c1a34e5\" data-element_type=\"section\">\n\t\t\t\t\t\t<div class=\"elementor-container elementor-column-gap-default\">\n\t\t\t\t\t<div class=\"elementor-column elementor-col-100 elementor-top-column elementor-element elementor-element-e99c1b5\" data-id=\"e99c1b5\" data-element_type=\"column\">\n\t\t\t<div class=\"elementor-widget-wrap elementor-element-populated\">\n\t\t\t\t\t\t<div class=\"elementor-element elementor-element-7ba70da elementor-widget elementor-widget-spacer\" data-id=\"7ba70da\" data-element_type=\"widget\" data-widget_type=\"spacer.default\">\n\t\t\t\t<div class=\"elementor-widget-container\">\n\t\t\t\t\t\t\t<div class=\"elementor-spacer\">\n\t\t\t<div class=\"elementor-spacer-inner\"><\/div>\n\t\t<\/div>\n\t\t\t\t\t\t<\/div>\n\t\t\t\t<\/div>\n\t\t\t\t\t<\/div>\n\t\t<\/div>\n\t\t\t\t\t<\/div>\n\t\t<\/section>\n\t\t\t\t<section class=\"elementor-section elementor-top-section elementor-element elementor-element-17788bb elementor-section-boxed elementor-section-height-default elementor-section-height-default\" data-id=\"17788bb\" data-element_type=\"section\">\n\t\t\t\t\t\t<div class=\"elementor-container elementor-column-gap-default\">\n\t\t\t\t\t<div class=\"elementor-column elementor-col-66 elementor-top-column elementor-element elementor-element-136c0e4\" data-id=\"136c0e4\" data-element_type=\"column\">\n\t\t\t<div class=\"elementor-widget-wrap elementor-element-populated\">\n\t\t\t\t\t\t<div class=\"elementor-element elementor-element-fbc5ea5 elementor-widget elementor-widget-text-editor\" data-id=\"fbc5ea5\" data-element_type=\"widget\" data-widget_type=\"text-editor.default\">\n\t\t\t\t<div class=\"elementor-widget-container\">\n\t\t\t\t\t\t\t\t\t<h4><strong>\ud83d\ude9c GI\u1ea2I PH\u00c1P L\u1eccC D\u1ea6U CJC\u00ae \u2013 B\u1ea2O V\u1ec6 H\u1ec6 TH\u1ed0NG NGHI\u1ec0N C\u1ee6A NH\u00c0 M\u00c1Y \ud83d\ude9c<\/strong><\/h4><p>M\u00e1y nghi\u1ec1n ho\u1ea1t \u0111\u1ed9ng trong \u0111i\u1ec1u ki\u1ec7n m\u00f4i tr\u01b0\u1eddng kh\u1eafc nghi\u1ec7t, v\u1edbi l\u01b0\u1ee3ng b\u1ee5i b\u1ea9n v\u00e0 \u0111\u00f4i khi c\u1ea3 n\u01b0\u1edbc x\u00e2m nh\u1eadp v\u00e0o h\u1ec7 th\u1ed1ng. \u0110i\u1ec1u n\u00e0y khi\u1ebfn d\u1ea7u b\u1ecb nhi\u1ec5m b\u1ea9n n\u1eb7ng, \u1ea3nh h\u01b0\u1edfng tr\u1ef1c ti\u1ebfp \u0111\u1ebfn tu\u1ed5i th\u1ecd thi\u1ebft b\u1ecb v\u00e0 \u0111\u1ed9 tin c\u1eady v\u1eadn h\u00e0nh.<\/p><h4>\u26a0 <strong>Th\u00e1ch th\u1ee9c l\u1edbn khi v\u1eadn h\u00e0nh m\u00e1y nghi\u1ec1n<\/strong> \u26a0<\/h4><p>\ud83d\udd27 D\u1ea7u b\u1ea9n g\u00e2y hao m\u00f2n nhanh ch\u00f3ng c\u00e1c h\u1ec7 th\u1ed1ng <strong>th\u1ee7y l\u1ef1c, xy lanh k\u1eb9p, m\u00f4-t\u01a1 \u0111i\u1ec1u ch\u1ec9nh, van v\u00e0 b\u01a1m<\/strong>.<br \/>\u2699 <strong>T\u1ea7n su\u1ea5t thay d\u1ea7u qu\u00e1 cao<\/strong>, g\u00e2y l\u00e3ng ph\u00ed chi ph\u00ed v\u1eadn h\u00e0nh.<br \/>\ud83d\udea8 <strong>Ng\u1eebng m\u00e1y \u0111\u1ed9t xu\u1ea5t<\/strong>, t\u1ed5n th\u1ea5t l\u1edbn do m\u1ea5t s\u1ea3n l\u01b0\u1ee3ng.<\/p><p>\u00a0<\/p><h4>\ud83d\udd25 <strong>CJC\u00ae Oil Filter \u2013 Gi\u1ea3i ph\u00e1p t\u1ed1i \u01b0u cho m\u00e1y nghi\u1ec1n<\/strong> \ud83d\udd25<\/h4><p>\u2705 Gi\u1ea3m 3\/4 l\u1ea7n ng\u1eebng m\u00e1y do thay d\u1ea7u.<br \/>\u2705 K\u00e9o d\u00e0i tu\u1ed5i th\u1ecd d\u1ea7u l\u00ean g\u1ea5p 4 l\u1ea7n, gi\u1ea3m chi ph\u00ed mua d\u1ea7u m\u1edbi.<br \/>\u2705 Gi\u1ea3m 60% nhu c\u1ea7u thay th\u1ebf linh ki\u1ec7n d\u1ef1 ph\u00f2ng.<br \/>\u2705 Gi\u1ea3m nguy c\u01a1 h\u1ecfng h\u00f3c \u0111\u1ed9t xu\u1ea5t v\u00e0 chi ph\u00ed s\u1eeda ch\u1eefa.<br \/>\u2705 B\u1ea3o v\u1ec7 to\u00e0n di\u1ec7n h\u1ec7 th\u1ed1ng th\u1ee7y l\u1ef1c v\u00e0 c\u01a1 kh\u00ed.<\/p><p>\ud83d\udcca <strong>C\u00f4ng ngh\u1ec7 ti\u00ean ti\u1ebfn \u2013 Gi\u00e1m s\u00e1t d\u1ea7u t\u1eeb xa v\u1edbi Oil Contamination Monitor (OCM)<\/strong><\/p><p>\ud83d\udccc <strong>L\u1eafp \u0111\u1eb7t ngay CJC\u00ae Oil Filter \u0111\u1ec3 \u0111\u1ea3m b\u1ea3o m\u00e1y nghi\u1ec1n v\u1eadn h\u00e0nh b\u1ec1n b\u1ec9, li\u00ean t\u1ee5c &amp; ti\u1ebft ki\u1ec7m chi ph\u00ed!<\/strong> \ud83d\ude80<\/p>\t\t\t\t\t\t\t\t<\/div>\n\t\t\t\t<\/div>\n\t\t\t\t<div class=\"elementor-element elementor-element-ad3a3ff elementor-widget elementor-widget-video\" data-id=\"ad3a3ff\" data-element_type=\"widget\" data-settings=\"{&quot;youtube_url&quot;:&quot;https:\\\/\\\/www.youtube.com\\\/watch?v=l8vbUk4e7Uo&amp;t=83s&quot;,&quot;video_type&quot;:&quot;youtube&quot;,&quot;controls&quot;:&quot;yes&quot;}\" data-widget_type=\"video.default\">\n\t\t\t\t<div class=\"elementor-widget-container\">\n\t\t\t\t\t\t\t<div class=\"elementor-wrapper elementor-open-inline\">\n\t\t\t<div class=\"elementor-video\"><\/div>\t\t<\/div>\n\t\t\t\t\t\t<\/div>\n\t\t\t\t<\/div>\n\t\t\t\t\t<\/div>\n\t\t<\/div>\n\t\t\t\t<div class=\"elementor-column elementor-col-33 elementor-top-column elementor-element elementor-element-310d80c\" data-id=\"310d80c\" data-element_type=\"column\">\n\t\t\t<div class=\"elementor-widget-wrap elementor-element-populated\">\n\t\t\t\t\t\t<div class=\"elementor-element elementor-element-f450131 elementor-widget elementor-widget-image\" data-id=\"f450131\" data-element_type=\"widget\" data-widget_type=\"image.default\">\n\t\t\t\t<div class=\"elementor-widget-container\">\n\t\t\t\t\t\t\t\t\t\t\t\t\t\t\t<img fetchpriority=\"high\" decoding=\"async\" width=\"800\" height=\"377\" src=\"https:\/\/fsv.com.vn\/wp-content\/uploads\/2025\/03\/Crusher_Top_picture.jpg\" class=\"attachment-large size-large wp-image-2166\" alt=\"\" srcset=\"https:\/\/fsv.com.vn\/wp-content\/uploads\/2025\/03\/Crusher_Top_picture.jpg 848w, https:\/\/fsv.com.vn\/wp-content\/uploads\/2025\/03\/Crusher_Top_picture-300x142.jpg 300w, https:\/\/fsv.com.vn\/wp-content\/uploads\/2025\/03\/Crusher_Top_picture-768x362.jpg 768w\" sizes=\"(max-width: 800px) 100vw, 800px\" \/>\t\t\t\t\t\t\t\t\t\t\t\t\t\t\t<\/div>\n\t\t\t\t<\/div>\n\t\t\t\t<div class=\"elementor-element elementor-element-2aa67b8 elementor-widget elementor-widget-image\" data-id=\"2aa67b8\" data-element_type=\"widget\" data-widget_type=\"image.default\">\n\t\t\t\t<div class=\"elementor-widget-container\">\n\t\t\t\t\t\t\t\t\t\t\t\t\t\t\t<img decoding=\"async\" width=\"598\" height=\"1024\" src=\"https:\/\/fsv.com.vn\/wp-content\/uploads\/2025\/03\/Anh-man-hinh-2025-03-16-luc-16.07.55-598x1024.png\" class=\"attachment-large size-large wp-image-2168\" alt=\"\" srcset=\"https:\/\/fsv.com.vn\/wp-content\/uploads\/2025\/03\/Anh-man-hinh-2025-03-16-luc-16.07.55-598x1024.png 598w, https:\/\/fsv.com.vn\/wp-content\/uploads\/2025\/03\/Anh-man-hinh-2025-03-16-luc-16.07.55-175x300.png 175w, https:\/\/fsv.com.vn\/wp-content\/uploads\/2025\/03\/Anh-man-hinh-2025-03-16-luc-16.07.55.png 762w\" sizes=\"(max-width: 598px) 100vw, 598px\" \/>\t\t\t\t\t\t\t\t\t\t\t\t\t\t\t<\/div>\n\t\t\t\t<\/div>\n\t\t\t\t<div class=\"elementor-element elementor-element-0ef45c4 elementor-widget elementor-widget-text-editor\" data-id=\"0ef45c4\" data-element_type=\"widget\" data-widget_type=\"text-editor.default\">\n\t\t\t\t<div class=\"elementor-widget-container\">\n\t\t\t\t\t\t\t\t\t<p><a href=\"https:\/\/www.cjc.dk\/fileadmin\/root\/File_Admin_Filter\/doc_Customer_Cases\/Mining_Gear-Oil_Sandvik-Secondary-Cone-Crusher_Large-US-Copper-Mine_ASMI4020UK.pdf\">Case Study<\/a><\/p><p>\u00a0<\/p>\t\t\t\t\t\t\t\t<\/div>\n\t\t\t\t<\/div>\n\t\t\t\t\t<\/div>\n\t\t<\/div>\n\t\t\t\t\t<\/div>\n\t\t<\/section>\n\t\t\t\t<section class=\"elementor-section elementor-top-section elementor-element elementor-element-7d3642d elementor-section-boxed elementor-section-height-default elementor-section-height-default\" data-id=\"7d3642d\" data-element_type=\"section\">\n\t\t\t\t\t\t<div class=\"elementor-container elementor-column-gap-default\">\n\t\t\t\t\t<div class=\"elementor-column elementor-col-100 elementor-top-column elementor-element elementor-element-73383a5\" data-id=\"73383a5\" data-element_type=\"column\">\n\t\t\t<div class=\"elementor-widget-wrap elementor-element-populated\">\n\t\t\t\t\t\t<div class=\"elementor-element elementor-element-42e1dc7 elementor-widget elementor-widget-spacer\" data-id=\"42e1dc7\" data-element_type=\"widget\" data-widget_type=\"spacer.default\">\n\t\t\t\t<div class=\"elementor-widget-container\">\n\t\t\t\t\t\t\t<div class=\"elementor-spacer\">\n\t\t\t<div class=\"elementor-spacer-inner\"><\/div>\n\t\t<\/div>\n\t\t\t\t\t\t<\/div>\n\t\t\t\t<\/div>\n\t\t\t\t\t<\/div>\n\t\t<\/div>\n\t\t\t\t\t<\/div>\n\t\t<\/section>\n\t\t\t\t<\/div>\n\t\t","protected":false},"excerpt":{"rendered":"<p>???? GI\u1ea2I PH\u00c1P L\u1eccC D\u1ea6U CJC\u00ae \u2013 B\u1ea2O V\u1ec6 H\u1ec6 TH\u1ed0NG NGHI\u1ec0N C\u1ee6A NH\u00c0 M\u00c1Y ???? M\u00e1y nghi\u1ec1n ho\u1ea1t \u0111\u1ed9ng trong \u0111i\u1ec1u ki\u1ec7n m\u00f4i tr\u01b0\u1eddng kh\u1eafc nghi\u1ec7t, v\u1edbi l\u01b0\u1ee3ng b\u1ee5i b\u1ea9n v\u00e0 \u0111\u00f4i khi c\u1ea3 n\u01b0\u1edbc x\u00e2m nh\u1eadp v\u00e0o h\u1ec7 th\u1ed1ng. \u0110i\u1ec1u n\u00e0y khi\u1ebfn d\u1ea7u b\u1ecb nhi\u1ec5m b\u1ea9n n\u1eb7ng, \u1ea3nh h\u01b0\u1edfng tr\u1ef1c ti\u1ebfp \u0111\u1ebfn tu\u1ed5i [&hellip;]<\/p>\n","protected":false},"author":1,"featured_media":0,"parent":174,"menu_order":5,"comment_status":"closed","ping_status":"closed","template":"","meta":{"footnotes":""},"class_list":["post-436","page","type-page","status-publish","hentry"],"_links":{"self":[{"href":"https:\/\/fsv.com.vn\/index.php\/wp-json\/wp\/v2\/pages\/436","targetHints":{"allow":["GET"]}}],"collection":[{"href":"https:\/\/fsv.com.vn\/index.php\/wp-json\/wp\/v2\/pages"}],"about":[{"href":"https:\/\/fsv.com.vn\/index.php\/wp-json\/wp\/v2\/types\/page"}],"author":[{"embeddable":true,"href":"https:\/\/fsv.com.vn\/index.php\/wp-json\/wp\/v2\/users\/1"}],"replies":[{"embeddable":true,"href":"https:\/\/fsv.com.vn\/index.php\/wp-json\/wp\/v2\/comments?post=436"}],"version-history":[{"count":19,"href":"https:\/\/fsv.com.vn\/index.php\/wp-json\/wp\/v2\/pages\/436\/revisions"}],"predecessor-version":[{"id":2171,"href":"https:\/\/fsv.com.vn\/index.php\/wp-json\/wp\/v2\/pages\/436\/revisions\/2171"}],"up":[{"embeddable":true,"href":"https:\/\/fsv.com.vn\/index.php\/wp-json\/wp\/v2\/pages\/174"}],"wp:attachment":[{"href":"https:\/\/fsv.com.vn\/index.php\/wp-json\/wp\/v2\/media?parent=436"}],"curies":[{"name":"wp","href":"https:\/\/api.w.org\/{rel}","templated":true}]}}