{"id":357,"date":"2023-03-28T08:31:27","date_gmt":"2023-03-28T01:31:27","guid":{"rendered":"https:\/\/fsv.com.vn\/?page_id=357"},"modified":"2025-02-10T15:32:49","modified_gmt":"2025-02-10T08:32:49","slug":"dau-boi-tron-dong-co","status":"publish","type":"page","link":"https:\/\/fsv.com.vn\/index.php\/giai-phap\/hang-hai-va-dau-khi\/dau-boi-tron-dong-co\/","title":{"rendered":"D\u1ea7u b\u00f4i tr\u01a1n \u0111\u1ed9ng c\u01a1"},"content":{"rendered":"\t\t<div data-elementor-type=\"wp-page\" data-elementor-id=\"357\" class=\"elementor elementor-357\" data-elementor-post-type=\"page\">\n\t\t\t\t\t\t<section class=\"elementor-section elementor-top-section elementor-element elementor-element-258d0b8 elementor-section-boxed elementor-section-height-default elementor-section-height-default\" data-id=\"258d0b8\" data-element_type=\"section\">\n\t\t\t\t\t\t<div class=\"elementor-container elementor-column-gap-default\">\n\t\t\t\t\t<div class=\"elementor-column elementor-col-100 elementor-top-column elementor-element elementor-element-2179da7\" data-id=\"2179da7\" data-element_type=\"column\">\n\t\t\t<div class=\"elementor-widget-wrap elementor-element-populated\">\n\t\t\t\t\t\t<div class=\"elementor-element elementor-element-1f49ff7 elementor-widget elementor-widget-heading\" data-id=\"1f49ff7\" data-element_type=\"widget\" data-widget_type=\"heading.default\">\n\t\t\t\t<div class=\"elementor-widget-container\">\n\t\t\t\t\t<h2 class=\"elementor-heading-title elementor-size-default\">D\u1ea7u B\u00f4i Tr\u01a1n \u0110\u1ed9ng C\u01a1<\/h2>\t\t\t\t<\/div>\n\t\t\t\t<\/div>\n\t\t\t\t\t<\/div>\n\t\t<\/div>\n\t\t\t\t\t<\/div>\n\t\t<\/section>\n\t\t\t\t<section class=\"elementor-section elementor-top-section elementor-element elementor-element-8b4cf61 elementor-section-boxed elementor-section-height-default elementor-section-height-default\" data-id=\"8b4cf61\" data-element_type=\"section\">\n\t\t\t\t\t\t<div class=\"elementor-container elementor-column-gap-default\">\n\t\t\t\t\t<div class=\"elementor-column elementor-col-100 elementor-top-column elementor-element elementor-element-789ae1d\" data-id=\"789ae1d\" data-element_type=\"column\">\n\t\t\t<div class=\"elementor-widget-wrap elementor-element-populated\">\n\t\t\t\t\t\t<div class=\"elementor-element elementor-element-1b29290 elementor-widget elementor-widget-text-editor\" data-id=\"1b29290\" data-element_type=\"widget\" data-widget_type=\"text-editor.default\">\n\t\t\t\t<div class=\"elementor-widget-container\">\n\t\t\t\t\t\t\t\t\t<p style=\"color: #000000;\">C.C.JENSEN A\/S sau nhi\u1ec1u n\u0103m nghi\u00ean c\u1ee9u v\u00e0 th\u1eed nghi\u1ec7m th\u1ef1c t\u1ebf v\u1edbi c\u00e1c OEM l\u1edbn v\u00e0 ch\u1ee7 t\u00e0u \u0111\u00e3 th\u00e0nh c\u00f4ng trong vi\u1ec7c ph\u00e1t tri\u1ec3n c\u00f4ng ngh\u1ec7 \u0111\u1ed9t ph\u00e1 m\u1edbi, s\u1ebd ph\u00e1 v\u1ee1 c\u00e1ch duy tr\u00ec d\u1ea7u b\u00f4i tr\u01a1n tr\u00ean \u0111\u1ed9ng c\u01a1 2 v\u00e0 4 th\u00ec ho\u1ea1t \u0111\u1ed9ng tr\u00ean c\u1ea3 hai lo\u1ea1i d\u1ea7u ch\u01b0ng c\u1ea5t nhi\u00ean li\u1ec7u, nhi\u00ean li\u1ec7u c\u1eb7n, HFO v\u00e0 c\u00e1c lo\u1ea1i nhi\u00ean li\u1ec7u kh\u00e1c.<\/p><p style=\"color: #000000;\">Ph\u00e1t tri\u1ec3n c\u00f4ng ngh\u1ec7 h\u01b0\u1edbng \u0111\u1ebfn s\u1ef1 \u00f4 nhi\u1ec5m c\u1ee5 th\u1ec3 trong \u0111\u1ed9ng c\u01a1 2 v\u00e0 4 th\u00ec c\u0169ng nh\u01b0 lo\u1ea1i nhi\u00ean li\u1ec7u c\u1ee5 th\u1ec3 \u0111\u01b0\u1ee3c s\u1eed d\u1ee5ng, gi\u1edd \u0111\u00e2y ch\u00fang t\u00f4i c\u00f3 th\u1ec3 gi\u1edbi thi\u1ec7u 3 lo\u1ea1i\u00a0<a href=\"https:\/\/www.cjc.dk\/products\/filter-inserts\/lube-oil-filter-inserts\/\"><span style=\"font-weight: bolder;\">CJC<\/span><span style=\"font-weight: bolder;\">\u00ae<\/span><span style=\"font-weight: bolder;\">\u00a0Filter Inserts<\/span><\/a>\u00a0\u00a0kh\u00e1c nhau \u0111\u01b0\u1ee3c thi\u1ebft k\u1ebf \u0111\u1eb7c bi\u1ec7t \u0111\u1ec3 duy tr\u00ec d\u1ea7u b\u00f4i tr\u01a1n:<\/p><ul style=\"font-size: 16px; background-color: #ffffff; color: #000000;\"><li style=\"font-size: 16px;\">\u0111\u1ed9ng c\u01a1 2 th\u00ec<\/li><li style=\"font-size: 16px;\">\u0110\u1ed9ng c\u01a1 4 th\u00ec ch\u1ea1y b\u1eb1ng nhi\u00ean li\u1ec7u ch\u01b0ng c\u1ea5t<\/li><li style=\"font-size: 16px;\">\u0110\u1ed9ng c\u01a1 4 k\u1ef3 ch\u1ea1y b\u1eb1ng nhi\u00ean li\u1ec7u c\u1eb7n\/HFO<\/li><li style=\"font-size: 16px;\">\u00a0<\/li><\/ul><div><p style=\"color: #000000;\">C\u00e1c y\u00eau c\u1ea7u c\u1ee7a OEM v\u1ec1 \u0111\u1ed9 s\u1ea1ch s\u1ebd \u0111\u01b0\u1ee3c \u0111\u00e1p \u1ee9ng \u0111\u1ed3ng th\u1eddi v\u1edbi vi\u1ec7c cung c\u1ea5p m\u1ed9t n\u1ec1n kinh t\u1ebf v\u1eadn h\u00e0nh \u0111\u1eb7c bi\u1ec7t cho c\u00e1c ch\u1ee7 t\u00e0u.<\/p><p style=\"color: #000000;\"><span style=\"font-family: var( --e-global-typography-text-font-family ), Sans-serif; font-weight: var( --e-global-typography-text-font-weight ); font-size: 1rem;\">C\u00f4ng ngh\u1ec7 m\u1edbi n\u00e0y \u0111\u01b0\u1ee3c t\u00edch h\u1ee3p th\u00eam nh\u1eb1m ti\u1ebft ki\u1ec7m \u0111\u00e1ng k\u1ec3 d\u1ef1a tr\u00ean:<\/span><\/p><ul style=\"font-size: 16px; background-color: #ffffff; color: #000000;\"><li style=\"font-size: 16px;\">Ti\u00eau th\u1ee5 d\u1ea7u \u00edt h\u01a1n t\u1edbi 60%<\/li><li style=\"font-size: 16px;\">Gi\u1ea3m 99% c\u1eb7n d\u1ea7u b\u00f4i tr\u01a1n<\/li><li style=\"font-size: 16px;\">Ti\u1ebft ki\u1ec7m 97% n\u0103ng l\u01b0\u1ee3ng<\/li><\/ul><\/div>\t\t\t\t\t\t\t\t<\/div>\n\t\t\t\t<\/div>\n\t\t\t\t\t<\/div>\n\t\t<\/div>\n\t\t\t\t\t<\/div>\n\t\t<\/section>\n\t\t\t\t<section class=\"elementor-section elementor-top-section elementor-element elementor-element-d36beeb elementor-section-boxed elementor-section-height-default elementor-section-height-default\" data-id=\"d36beeb\" data-element_type=\"section\">\n\t\t\t\t\t\t<div class=\"elementor-container elementor-column-gap-default\">\n\t\t\t\t\t<div class=\"elementor-column elementor-col-100 elementor-top-column elementor-element elementor-element-76dafaf\" data-id=\"76dafaf\" data-element_type=\"column\">\n\t\t\t<div class=\"elementor-widget-wrap elementor-element-populated\">\n\t\t\t\t\t\t<div class=\"elementor-element elementor-element-de40794 elementor-widget elementor-widget-heading\" data-id=\"de40794\" data-element_type=\"widget\" data-widget_type=\"heading.default\">\n\t\t\t\t<div class=\"elementor-widget-container\">\n\t\t\t\t\t<h2 class=\"elementor-heading-title elementor-size-default\">Save energy\nwith the C.C.JENSEN\nOil Filtration system<\/h2>\t\t\t\t<\/div>\n\t\t\t\t<\/div>\n\t\t\t\t\t<\/div>\n\t\t<\/div>\n\t\t\t\t\t<\/div>\n\t\t<\/section>\n\t\t\t\t<section class=\"elementor-section elementor-top-section elementor-element elementor-element-6ac4637 elementor-section-boxed elementor-section-height-default elementor-section-height-default\" data-id=\"6ac4637\" data-element_type=\"section\">\n\t\t\t\t\t\t<div class=\"elementor-container elementor-column-gap-default\">\n\t\t\t\t\t<div class=\"elementor-column elementor-col-100 elementor-top-column elementor-element elementor-element-5f1599d\" data-id=\"5f1599d\" data-element_type=\"column\">\n\t\t\t<div class=\"elementor-widget-wrap elementor-element-populated\">\n\t\t\t\t\t\t<div class=\"elementor-element elementor-element-944afcb elementor-widget elementor-widget-text-editor\" data-id=\"944afcb\" data-element_type=\"widget\" data-widget_type=\"text-editor.default\">\n\t\t\t\t<div class=\"elementor-widget-container\">\n\t\t\t\t\t\t\t\t\t<p>\u0110\u00e3 \u0111\u1ebfn l\u00fac c\u1ea7n suy ngh\u0129 l\u1ea1i v\u1ec1 h\u1ec7 th\u1ed1ng t\u00e1ch d\u1ea7u truy\u1ec1n th\u1ed1ng? \ud83d\udd0d\u2728<\/p><p>C.C.JENSEN mang \u0111\u1ebfn gi\u1ea3i ph\u00e1p l\u1ecdc d\u1ea7u b\u00f4i tr\u01a1n \u0111\u1ed9t ph\u00e1 cho \u0111\u1ed9ng c\u01a1 hai k\u1ef3 v\u00e0 b\u1ed1n k\u1ef3, b\u1ea5t k\u1ec3 lo\u1ea1i nhi\u00ean li\u1ec7u. H\u1ec7 th\u1ed1ng n\u00e0y kh\u00f4ng ch\u1ec9 d\u1ec5 b\u1ea3o tr\u00ec m\u00e0 c\u00f2n gi\u00fap ti\u1ebft ki\u1ec7m \u0111\u00e1ng k\u1ec3 d\u1ea7u nh\u1eddn v\u00e0 nhi\u00ean li\u1ec7u, v\u1edbi th\u1eddi gian ho\u00e0n v\u1ed1n ch\u1ec9 18 th\u00e1ng. \u0110\u1ed3ng th\u1eddi, n\u00f3 c\u00f2n g\u00f3p ph\u1ea7n c\u1ea3i thi\u1ec7n ch\u1ec9 s\u1ed1 CII cho t\u00e0u c\u1ee7a b\u1ea1n. \ud83d\udea2\u26a1<\/p><p>\ud83d\udc49 N\u00e2ng c\u1ea5p ngay \u0111\u1ec3 t\u1ed1i \u01b0u hi\u1ec7u su\u1ea5t v\u00e0 ti\u1ebft ki\u1ec7m chi ph\u00ed!<\/p><p><a style=\"font-family: var( --e-global-typography-text-font-family ), Sans-serif; font-weight: var( --e-global-typography-text-font-weight ); background-color: #ffffff; font-size: 1rem;\" href=\"https:\/\/www.man-es.com\/services\/strategic-expertise\/omnicare-3rd-party-services\/omnicare-marine-energy-storage\/cc-jensen?utm_medium=social&amp;utm_source=linkedin&amp;utm_campaign=campaign_pp_sm_omnicare-q2_240301&amp;utm_term=sm&amp;utm_content=imageadjensen1\" target=\"_blank\" rel=\"noopener\">https:\/\/www.man-es.com\/services\/strategic-expertise\/omnicare-3rd-party-services\/omnicare-marine-energy-storage\/cc-jensen?utm_medium=social&amp;utm_source=linkedin&amp;utm_campaign=campaign_pp_sm_omnicare-q2_240301&amp;utm_term=sm&amp;utm_content=imageadjensen1<\/a><\/p><p><span style=\"color: inherit; font-family: inherit; font-size: 1.75rem;\">Why use off-line oil filtration systems from C.C.JENSEN?<\/span><\/p><p>Off-line filtration or kidney loop filtration delivers similar- or better-quality oil compared to a conventional separator. C.C.JENSEN offers new technology in filtration systems that revolutionizes the way lube oil is maintained on two- and four-stroke engines across all fuel types. As a global authorized partner of C.C.JENSEN, we are offering the CJC engine lube oil filtration systems, tested by MAN PrimeServ, to prolong the service life of your engine, reduce maintenance costs, and improve environmental performance.<\/p><h3>Benefits of installing a C.C.JENSEN lube oil filter:<\/h3><p><b>Main benefits compared to a conventional separator<\/b><\/p><ul><li>Up to 60% less oil consumption on four-stroke engines<\/li><li>Up to 20% less oil consumption on two-stroke engines<\/li><li>99% lube oil sludge reduction<\/li><li>97% fuel savings compared to a conventional separator, contributing to the CII*<\/li><li>Extended oil and component lifetime by 2-10 times<\/li><li>No preheating of oil is required<\/li><\/ul><p><b>Additional benefits:<\/b><\/p><ul><li>ROI under 1 year<\/li><li>Cost-efficient and easy maintenance<\/li><li>Off-line system does not require the main system to shut down for maintenance or filter changes<\/li><li>Continuous cleaning 24\/7\/365<\/li><li>Controlled oil replacement on schedule<\/li><\/ul><p>*Carbon Intensity Indicator<\/p><h3>Quick test: efficient oil care<\/h3><p>The quick test shows that the lubricating oil was heavily contaminated with dust, metal abrasion, and other particles before and at the beginning of the test period. Oil aging signs and high water content were detected. Thermal load on so-called hot spots (e.g. bearings) and particles from component wear (copper, iron, aluminum) accelerate the degradation of the base oil as well as of the additives and thus the oil aging process.<\/p><p>With the efficient oil care from the C.C.JENSEN filtration system, particles, water, oil aging products, as well as acid compounds were permanently removed. The oil cleanliness throughout the test period has been significantly improved.<\/p><h3>Our services:<\/h3><ul><li>Support and advice on choosing the right filtration system<\/li><li>Retrofit installations, new installations, spare parts, and replacement filter insertions with short delivery times.<\/li><li>Return on investment (ROI) calculation to evaluate your savings.<\/li><\/ul><h3>Calculate savings and return on investment (ROI) for your vessel<\/h3><p>We offer a complementary report that analyses your vessels and demonstrates what can be expected after installing the C.C.JENSEN oil filtration system. The report will accurately show savings to be made with respect to fuel, oil sludge production, and CO2 emissions. Together with ROI calculator, the report will summarize the full business case. Please don\u2019t hesitate to contact our experts for more information.<\/p>\t\t\t\t\t\t\t\t<\/div>\n\t\t\t\t<\/div>\n\t\t\t\t\t<\/div>\n\t\t<\/div>\n\t\t\t\t\t<\/div>\n\t\t<\/section>\n\t\t\t\t<section class=\"elementor-section elementor-top-section elementor-element elementor-element-7db35bb elementor-section-boxed elementor-section-height-default elementor-section-height-default\" data-id=\"7db35bb\" data-element_type=\"section\">\n\t\t\t\t\t\t<div class=\"elementor-container elementor-column-gap-default\">\n\t\t\t\t\t<div class=\"elementor-column elementor-col-100 elementor-top-column elementor-element elementor-element-6baf8b4\" data-id=\"6baf8b4\" data-element_type=\"column\">\n\t\t\t<div class=\"elementor-widget-wrap elementor-element-populated\">\n\t\t\t\t\t\t<div class=\"elementor-element elementor-element-af6d74e elementor-widget elementor-widget-heading\" data-id=\"af6d74e\" data-element_type=\"widget\" data-widget_type=\"heading.default\">\n\t\t\t\t<div class=\"elementor-widget-container\">\n\t\t\t\t\t<h2 class=\"elementor-heading-title elementor-size-default\">Th\u00f4ng tin th\u00eam<\/h2>\t\t\t\t<\/div>\n\t\t\t\t<\/div>\n\t\t\t\t\t<\/div>\n\t\t<\/div>\n\t\t\t\t\t<\/div>\n\t\t<\/section>\n\t\t\t\t<section class=\"elementor-section elementor-top-section elementor-element elementor-element-a5e14ed elementor-section-boxed elementor-section-height-default elementor-section-height-default\" data-id=\"a5e14ed\" data-element_type=\"section\">\n\t\t\t\t\t\t<div class=\"elementor-container elementor-column-gap-default\">\n\t\t\t\t\t<div class=\"elementor-column elementor-col-100 elementor-top-column elementor-element elementor-element-c867ff8\" data-id=\"c867ff8\" data-element_type=\"column\">\n\t\t\t<div class=\"elementor-widget-wrap elementor-element-populated\">\n\t\t\t\t\t\t<div class=\"elementor-element elementor-element-7d0eee3 elementor-widget elementor-widget-text-editor\" data-id=\"7d0eee3\" data-element_type=\"widget\" data-widget_type=\"text-editor.default\">\n\t\t\t\t<div class=\"elementor-widget-container\">\n\t\t\t\t\t\t\t\t\t<p>Ch\u1ec9 s\u1ed1 CII (Carbon Intensity Indicator) l\u00e0 m\u1ed9t ch\u1ec9 s\u1ed1 \u0111o l\u01b0\u1eddng c\u01b0\u1eddng \u0111\u1ed9 ph\u00e1t th\u1ea3i carbon c\u1ee7a t\u00e0u bi\u1ec3n, \u0111\u01b0\u1ee3c T\u1ed5 ch\u1ee9c H\u00e0ng h\u1ea3i Qu\u1ed1c t\u1ebf (IMO) \u00e1p d\u1ee5ng t\u1eeb n\u0103m 2023 nh\u1eb1m gi\u1ea3m l\u01b0\u1ee3ng kh\u00ed th\u1ea3i nh\u00e0 k\u00ednh trong ng\u00e0nh v\u1eadn t\u1ea3i bi\u1ec3n.<\/p><p><b>1. CII l\u00e0 g\u00ec?<\/b><\/p><p>CII \u0111\u00e1nh gi\u00e1 m\u1ee9c \u0111\u1ed9 ph\u00e1t th\u1ea3i CO\u2082 tr\u00ean m\u1ed7i \u0111\u01a1n v\u1ecb h\u00e0ng h\u00f3a v\u1eadn chuy\u1ec3n trong m\u1ed9t kho\u1ea3ng c\u00e1ch nh\u1ea5t \u0111\u1ecbnh, th\u01b0\u1eddng t\u00ednh theo c\u00f4ng th\u1ee9c:\u00a0<\/p><p><b>2. C\u00e1ch ph\u00e2n lo\u1ea1i CII<\/b><\/p><p>D\u1ef1a tr\u00ean gi\u00e1 tr\u1ecb CII, t\u00e0u \u0111\u01b0\u1ee3c x\u1ebfp h\u1ea1ng t\u1eeb A \u0111\u1ebfn E:<\/p><p>A (Xu\u1ea5t s\u1eafc)<\/p><p>B (T\u1ed1t)<\/p><p>C (Ch\u1ea5p nh\u1eadn \u0111\u01b0\u1ee3c)<\/p><p>D (C\u1ea7n c\u1ea3i thi\u1ec7n)<\/p><p>E (Kh\u00f4ng \u0111\u1ea1t y\u00eau c\u1ea7u)<\/p><p>N\u1ebfu t\u00e0u b\u1ecb x\u1ebfp h\u1ea1ng D trong 3 n\u0103m li\u00ean ti\u1ebfp ho\u1eb7c E trong 1 n\u0103m, ch\u1ee7 t\u00e0u ph\u1ea3i \u0111\u1ec1 xu\u1ea5t bi\u1ec7n ph\u00e1p c\u1ea3i thi\u1ec7n.<\/p><p><b>3. \u00dd ngh\u0129a c\u1ee7a CII<\/b><\/p><p>Gi\u00fap ch\u1ee7 t\u00e0u ki\u1ec3m so\u00e1t v\u00e0 t\u1ed1i \u01b0u hi\u1ec7u su\u1ea5t n\u0103ng l\u01b0\u1ee3ng.<\/p><p>\u0110\u00e1p \u1ee9ng y\u00eau c\u1ea7u c\u1ee7a IMO 2023 v\u1ec1 gi\u1ea3m ph\u00e1t th\u1ea3i kh\u00ed nh\u00e0 k\u00ednh.<\/p><p>\u1ea2nh h\u01b0\u1edfng \u0111\u1ebfn gi\u00e1 tr\u1ecb kinh t\u1ebf v\u00e0 t\u00ednh c\u1ea1nh tranh c\u1ee7a t\u00e0u trong th\u1ecb tr\u01b0\u1eddng v\u1eadn t\u1ea3i bi\u1ec3n.<\/p><p>\u00a0<\/p><p><b>N\u1ebfu t\u00e0u kh\u00f4ng th\u1ef1c hi\u1ec7n c\u00e1c bi\u1ec7n ph\u00e1p c\u1ea3i thi\u1ec7n sau khi b\u1ecb x\u1ebfp h\u1ea1ng D trong 3 n\u0103m li\u00ean ti\u1ebfp ho\u1eb7c E trong 1 n\u0103m, ch\u1ee7 t\u00e0u c\u00f3 th\u1ec3 \u0111\u1ed1i m\u1eb7t v\u1edbi c\u00e1c h\u1eadu qu\u1ea3 sau:<\/b><\/p><p>1. \u00c1p l\u1ef1c t\u1eeb ch\u00ednh quy\u1ec1n v\u00e0 IMO<\/p><p>B\u1ecb y\u00eau c\u1ea7u l\u1eadp k\u1ebf ho\u1ea1ch h\u00e0nh \u0111\u1ed9ng: Theo quy \u0111\u1ecbnh c\u1ee7a IMO, t\u00e0u c\u00f3 x\u1ebfp h\u1ea1ng th\u1ea5p ph\u1ea3i \u0111\u01b0a ra k\u1ebf ho\u1ea1ch c\u1ea3i thi\u1ec7n hi\u1ec7u su\u1ea5t n\u0103ng l\u01b0\u1ee3ng. N\u1ebfu kh\u00f4ng th\u1ef1c hi\u1ec7n, c\u00f3 th\u1ec3 b\u1ecb ki\u1ec3m tra ch\u1eb7t ch\u1ebd h\u01a1n.<\/p><p>Kh\u00f4ng \u0111\u01b0\u1ee3c c\u1ea5p ph\u00e9p ho\u1ea1t \u0111\u1ed9ng: M\u1ed9t s\u1ed1 qu\u1ed1c gia c\u00f3 th\u1ec3 t\u1eeb ch\u1ed1i cho t\u00e0u c\u1eadp c\u1ea3ng ho\u1eb7c h\u1ea1n ch\u1ebf ho\u1ea1t \u0111\u1ed9ng trong v\u00f9ng bi\u1ec3n c\u1ee7a h\u1ecd.<\/p><p>2. H\u1ea1n ch\u1ebf t\u1eeb th\u1ecb tr\u01b0\u1eddng v\u1eadn t\u1ea3i<\/p><p>B\u1ecb t\u1eeb ch\u1ed1i h\u1ee3p \u0111\u1ed3ng v\u1eadn chuy\u1ec3n: Ch\u1ee7 h\u00e0ng, c\u00f4ng ty logistics v\u00e0 c\u00e1c t\u1eadp \u0111o\u00e0n l\u1edbn ng\u00e0y c\u00e0ng quan t\u00e2m \u0111\u1ebfn l\u01b0\u1ee3ng ph\u00e1t th\u1ea3i CO\u2082. N\u1ebfu t\u00e0u c\u00f3 CII k\u00e9m, h\u1ecd c\u00f3 th\u1ec3 kh\u00f4ng thu\u00ea t\u00e0u \u0111\u00f3.<\/p><p>Gi\u00e1 tr\u1ecb t\u00e0u gi\u1ea3m: T\u00e0u c\u00f3 ch\u1ec9 s\u1ed1 CII x\u1ea5u s\u1ebd kh\u00f3 b\u00e1n ho\u1eb7c b\u1ecb \u0111\u1ecbnh gi\u00e1 th\u1ea5p h\u01a1n tr\u00ean th\u1ecb tr\u01b0\u1eddng mua b\u00e1n t\u00e0u.<\/p><p>3. Chi ph\u00ed v\u1eadn h\u00e0nh t\u0103ng<\/p><p>B\u1ecb \u00e1p thu\u1ebf carbon cao h\u01a1n: M\u1ed9t s\u1ed1 khu v\u1ef1c nh\u01b0 EU \u0111\u00e3 \u00e1p d\u1ee5ng c\u01a1 ch\u1ebf thu\u1ebf carbon (ETS &#8211; Emissions Trading System), khi\u1ebfn t\u00e0u c\u00f3 hi\u1ec7u su\u1ea5t th\u1ea5p ph\u1ea3i tr\u1ea3 chi ph\u00ed cao h\u01a1n.<\/p><p>B\u1ecb ki\u1ec3m tra th\u01b0\u1eddng xuy\u00ean h\u01a1n: C\u1ea3ng v\u1ee5 c\u00f3 th\u1ec3 ki\u1ec3m tra t\u00e0u k\u1ef9 l\u01b0\u1ee1ng h\u01a1n, l\u00e0m t\u0103ng th\u1eddi gian ch\u1edd \u0111\u1ee3i v\u00e0 chi ph\u00ed v\u1eadn h\u00e0nh.<\/p>\t\t\t\t\t\t\t\t<\/div>\n\t\t\t\t<\/div>\n\t\t\t\t\t<\/div>\n\t\t<\/div>\n\t\t\t\t\t<\/div>\n\t\t<\/section>\n\t\t\t\t<section class=\"elementor-section elementor-top-section elementor-element elementor-element-32f368d elementor-section-boxed elementor-section-height-default elementor-section-height-default\" data-id=\"32f368d\" data-element_type=\"section\">\n\t\t\t\t\t\t<div class=\"elementor-container elementor-column-gap-default\">\n\t\t\t\t\t<div class=\"elementor-column elementor-col-100 elementor-top-column elementor-element elementor-element-2244820\" data-id=\"2244820\" data-element_type=\"column\">\n\t\t\t<div class=\"elementor-widget-wrap elementor-element-populated\">\n\t\t\t\t\t\t<div class=\"elementor-element elementor-element-c2308aa elementor-widget elementor-widget-video\" data-id=\"c2308aa\" data-element_type=\"widget\" data-settings=\"{&quot;youtube_url&quot;:&quot;https:\\\/\\\/www.youtube.com\\\/watch?v=uAVrBcM6r8g&amp;list=TLGGVTgyE5eRcdwxMDAyMjAyNQ&quot;,&quot;video_type&quot;:&quot;youtube&quot;,&quot;controls&quot;:&quot;yes&quot;}\" data-widget_type=\"video.default\">\n\t\t\t\t<div class=\"elementor-widget-container\">\n\t\t\t\t\t\t\t<div class=\"elementor-wrapper elementor-open-inline\">\n\t\t\t<div class=\"elementor-video\"><\/div>\t\t<\/div>\n\t\t\t\t\t\t<\/div>\n\t\t\t\t<\/div>\n\t\t\t\t\t<\/div>\n\t\t<\/div>\n\t\t\t\t\t<\/div>\n\t\t<\/section>\n\t\t\t\t<\/div>\n\t\t","protected":false},"excerpt":{"rendered":"<p>D\u1ea7u B\u00f4i Tr\u01a1n \u0110\u1ed9ng C\u01a1 C.C.JENSEN A\/S sau nhi\u1ec1u n\u0103m nghi\u00ean c\u1ee9u v\u00e0 th\u1eed nghi\u1ec7m th\u1ef1c t\u1ebf v\u1edbi c\u00e1c OEM l\u1edbn v\u00e0 ch\u1ee7 t\u00e0u \u0111\u00e3 th\u00e0nh c\u00f4ng trong vi\u1ec7c ph\u00e1t tri\u1ec3n c\u00f4ng ngh\u1ec7 \u0111\u1ed9t ph\u00e1 m\u1edbi, s\u1ebd ph\u00e1 v\u1ee1 c\u00e1ch duy tr\u00ec d\u1ea7u b\u00f4i tr\u01a1n tr\u00ean \u0111\u1ed9ng c\u01a1 2 v\u00e0 4 th\u00ec ho\u1ea1t \u0111\u1ed9ng tr\u00ean [&hellip;]<\/p>\n","protected":false},"author":1,"featured_media":0,"parent":168,"menu_order":1,"comment_status":"closed","ping_status":"closed","template":"","meta":{"footnotes":""},"class_list":["post-357","page","type-page","status-publish","hentry"],"_links":{"self":[{"href":"https:\/\/fsv.com.vn\/index.php\/wp-json\/wp\/v2\/pages\/357","targetHints":{"allow":["GET"]}}],"collection":[{"href":"https:\/\/fsv.com.vn\/index.php\/wp-json\/wp\/v2\/pages"}],"about":[{"href":"https:\/\/fsv.com.vn\/index.php\/wp-json\/wp\/v2\/types\/page"}],"author":[{"embeddable":true,"href":"https:\/\/fsv.com.vn\/index.php\/wp-json\/wp\/v2\/users\/1"}],"replies":[{"embeddable":true,"href":"https:\/\/fsv.com.vn\/index.php\/wp-json\/wp\/v2\/comments?post=357"}],"version-history":[{"count":25,"href":"https:\/\/fsv.com.vn\/index.php\/wp-json\/wp\/v2\/pages\/357\/revisions"}],"predecessor-version":[{"id":1601,"href":"https:\/\/fsv.com.vn\/index.php\/wp-json\/wp\/v2\/pages\/357\/revisions\/1601"}],"up":[{"embeddable":true,"href":"https:\/\/fsv.com.vn\/index.php\/wp-json\/wp\/v2\/pages\/168"}],"wp:attachment":[{"href":"https:\/\/fsv.com.vn\/index.php\/wp-json\/wp\/v2\/media?parent=357"}],"curies":[{"name":"wp","href":"https:\/\/api.w.org\/{rel}","templated":true}]}}