{"id":318,"date":"2023-03-28T08:24:59","date_gmt":"2023-03-28T01:24:59","guid":{"rendered":"https:\/\/fsv.com.vn\/?page_id=318"},"modified":"2025-03-16T10:42:26","modified_gmt":"2025-03-16T03:42:26","slug":"toi-luyen","status":"publish","type":"page","link":"https:\/\/fsv.com.vn\/index.php\/giai-phap\/cong-nghiep\/toi-luyen\/","title":{"rendered":"NM T\u00f4i luy\u1ec7n"},"content":{"rendered":"\t\t<div data-elementor-type=\"wp-page\" data-elementor-id=\"318\" class=\"elementor elementor-318\" data-elementor-post-type=\"page\">\n\t\t\t\t\t\t<section class=\"elementor-section elementor-top-section elementor-element elementor-element-dfe9778 elementor-section-boxed elementor-section-height-default elementor-section-height-default\" data-id=\"dfe9778\" data-element_type=\"section\">\n\t\t\t\t\t\t<div class=\"elementor-container elementor-column-gap-default\">\n\t\t\t\t\t<div class=\"elementor-column elementor-col-100 elementor-top-column elementor-element elementor-element-52f9243\" data-id=\"52f9243\" data-element_type=\"column\">\n\t\t\t<div class=\"elementor-widget-wrap elementor-element-populated\">\n\t\t\t\t\t\t<div class=\"elementor-element elementor-element-1510116 elementor-widget elementor-widget-spacer\" data-id=\"1510116\" data-element_type=\"widget\" data-widget_type=\"spacer.default\">\n\t\t\t\t<div class=\"elementor-widget-container\">\n\t\t\t\t\t\t\t<div class=\"elementor-spacer\">\n\t\t\t<div class=\"elementor-spacer-inner\"><\/div>\n\t\t<\/div>\n\t\t\t\t\t\t<\/div>\n\t\t\t\t<\/div>\n\t\t\t\t\t<\/div>\n\t\t<\/div>\n\t\t\t\t\t<\/div>\n\t\t<\/section>\n\t\t\t\t<section class=\"elementor-section elementor-top-section elementor-element elementor-element-2dc9b7b elementor-section-boxed elementor-section-height-default elementor-section-height-default\" data-id=\"2dc9b7b\" data-element_type=\"section\">\n\t\t\t\t\t\t<div class=\"elementor-container elementor-column-gap-default\">\n\t\t\t\t\t<div class=\"elementor-column elementor-col-66 elementor-top-column elementor-element elementor-element-116ea50\" data-id=\"116ea50\" data-element_type=\"column\">\n\t\t\t<div class=\"elementor-widget-wrap elementor-element-populated\">\n\t\t\t\t\t\t<div class=\"elementor-element elementor-element-968f542 elementor-widget elementor-widget-text-editor\" data-id=\"968f542\" data-element_type=\"widget\" data-widget_type=\"text-editor.default\">\n\t\t\t\t<div class=\"elementor-widget-container\">\n\t\t\t\t\t\t\t\t\t<h5><strong>GI\u1ea2I PH\u00c1P L\u1eccC D\u1ea6U CJC\u00ae CHO H\u1ec6 TH\u1ed0NG T\u00d4I LUY\u1ec6N (QUENCH WORKS)<\/strong><\/h5>\n<h4><strong>\u0110\u1ea2M B\u1ea2O HI\u1ec6U SU\u1ea4T &amp; CH\u1ea4T L\u01af\u1ee2NG CHO H\u1ec6 TH\u1ed0NG T\u00d4I LUY\u1ec6N<\/strong><\/h4>\n<p>Trong c\u00e1c nh\u00e0 m\u00e1y t\u00f4i luy\u1ec7n, d\u1ea7u trong b\u1ec3 t\u00f4i (m\u1edf ho\u1eb7c k\u00edn) <strong>th\u01b0\u1eddng xuy\u00ean b\u1ecb nhi\u1ec5m b\u1ea9n \u1edf m\u1ee9c \u0111\u1ed9 cao<\/strong> do c\u00e1c t\u1ea1p ch\u1ea5t sinh ra trong qu\u00e1 tr\u00ecnh t\u00f4i c\u1ee9ng kim lo\u1ea1i. <strong>Mu\u1ed9i than, b\u1ee5i, h\u1ea1t kim lo\u1ea1i, g\u1ec9 s\u00e9t<\/strong> v\u00e0 n\u01b0\u1edbc t\u1eeb qu\u00e1 tr\u00ecnh ng\u01b0ng t\u1ee5 hay r\u00f2 r\u1ec9 t\u1eeb h\u1ec7 th\u1ed1ng l\u00e0m m\u00e1t c\u00f3 th\u1ec3 l\u00e0m gi\u1ea3m ch\u1ea5t l\u01b0\u1ee3ng d\u1ea7u, \u1ea3nh h\u01b0\u1edfng tr\u1ef1c ti\u1ebfp \u0111\u1ebfn hi\u1ec7u su\u1ea5t v\u00e0 \u0111\u1ed9 ch\u00ednh x\u00e1c c\u1ee7a qu\u00e1 tr\u00ecnh t\u00f4i.<\/p>\n<h4><strong>TH\u00c1CH TH\u1ee8C<\/strong><\/h4>\n<p>\ud83d\udd39 <strong>C\u00e1c s\u1ea3n ph\u1ea9m ph\u00e2n h\u1ee7y d\u1ea7u v\u00e0 c\u1eb7n oxi h\u00f3a do nhi\u1ec7t \u0111\u1ed9 cao<\/strong> l\u00e0 nguy\u00ean nh\u00e2n ch\u00ednh g\u00e2y nhi\u1ec5m b\u1ea9n d\u1ea7u. N\u1ebfu kh\u00f4ng \u0111\u01b0\u1ee3c lo\u1ea1i b\u1ecf, ch\u00fang s\u1ebd l\u00e0m thay \u0111\u1ed5i \u0111\u01b0\u1eddng cong l\u00e0m m\u00e1t c\u1ee7a d\u1ea7u, d\u1eabn \u0111\u1ebfn <strong>s\u1ea3n ph\u1ea9m t\u00f4i b\u1ecb l\u1ed7i, gi\u1ea3m \u0111\u1ed9 c\u1ee9ng v\u00e0 kh\u00f4ng \u0111\u1ea1t y\u00eau c\u1ea7u ch\u1ea5t l\u01b0\u1ee3ng<\/strong>.<\/p>\n<p><b>H\u1ec7 th\u1ed1ng t\u00f4i luy\u1ec7n c\u00f3 th\u1ec3 g\u1eb7p c\u00e1c v\u1ea5n \u0111\u1ec1 sau n\u1ebfu d\u1ea7u kh\u00f4ng \u0111\u01b0\u1ee3c duy tr\u00ec s\u1ea1ch v\u00e0 \u1ed5n \u0111\u1ecbnh:<\/b><\/p>\n<ul>\n<li>L\u01b0\u1ee3ng l\u1edbn c\u1eb7n carbon t\u00edch t\u1ee5, \u1ea3nh h\u01b0\u1edfng \u0111\u1ebfn t\u1ed1c \u0111\u1ed9 v\u00e0 ch\u1ea5t l\u01b0\u1ee3ng l\u00e0m m\u00e1t<\/li>\n<li>Hao m\u00f2n linh ki\u1ec7n, r\u00f2 r\u1ec9 h\u1ec7 th\u1ed1ng l\u00e0m m\u00e1t do d\u1ea7u b\u1ecb nhi\u1ec5m n\u01b0\u1edbc<\/li>\n<li>Nguy c\u01a1 ng\u1eebng m\u00e1y ngo\u00e0i k\u1ebf ho\u1ea1ch do d\u1ea7u xu\u1ed1ng c\u1ea5p nhanh ch\u00f3ng<\/li>\n<li>Chi ph\u00ed b\u1ea3o tr\u00ec cao do ph\u1ea3i thay d\u1ea7u v\u00e0 v\u1ec7 sinh h\u1ec7 th\u1ed1ng th\u01b0\u1eddng xuy\u00ean<\/li><\/ul>\n<h4><strong>L\u1ee2I \u00cdCH KHI L\u1eaeP \u0110\u1eb6T THI\u1ebeT B\u1eca L\u1eccC D\u1ea6U CJC\u00ae<\/strong><\/h4>\n<p>\u2714\ufe0f Duy tr\u00ec hi\u1ec7u su\u1ea5t t\u1ed1i \u01b0u cho h\u1ec7 th\u1ed1ng t\u00f4i nhi\u1ec7t<br>\u2714\ufe0f \u0110\u1ea3m b\u1ea3o ch\u1ea5t l\u01b0\u1ee3ng b\u1ec1 m\u1eb7t v\u00e0 \u0111\u1ed9 c\u1ee9ng c\u1ee7a s\u1ea3n ph\u1ea9m sau t\u00f4i<br>\u2714\ufe0f Lo\u1ea1i b\u1ecf hi\u1ec7u qu\u1ea3 b\u1ee5i b\u1ea9n, c\u1eb7n carbon v\u00e0 n\u01b0\u1edbc kh\u1ecfi d\u1ea7u t\u00f4i<br>\u2714\ufe0f Gi\u1ea3m nguy c\u01a1 ng\u1eebng m\u00e1y \u0111\u1ed9t xu\u1ea5t, h\u1ea1n ch\u1ebf b\u1ea3o tr\u00ec kh\u00f4ng c\u1ea7n thi\u1ebft<br>\u2714\ufe0f K\u00e9o d\u00e0i tu\u1ed5i th\u1ecd d\u1ea7u t\u00f4i l\u00ean \u0111\u1ebfn 3-4 l\u1ea7n, \u1ed5n \u0111\u1ecbnh \u0111\u01b0\u1eddng cong l\u00e0m m\u00e1t<\/p>\n<p>\ud83d\udd39 <strong>Thi\u1ebft b\u1ecb l\u1ecdc d\u1ea7u CJC\u00ae gi\u00fap lo\u1ea1i b\u1ecf tri\u1ec7t \u0111\u1ec3 t\u1ea1p ch\u1ea5t, n\u01b0\u1edbc v\u00e0 c\u1eb7n oxi h\u00f3a trong d\u1ea7u t\u00f4i<\/strong>, gi\u00fap nh\u00e0 m\u00e1y <strong>gi\u1ea3m chi ph\u00ed v\u1eadn h\u00e0nh, h\u1ea1n ch\u1ebf l\u1ed7i s\u1ea3n ph\u1ea9m v\u00e0 t\u1ed1i \u01b0u hi\u1ec7u su\u1ea5t s\u1ea3n xu\u1ea5t<\/strong>. H\u00e0ng ngh\u00ecn nh\u00e0 m\u00e1y tr\u00ean th\u1ebf gi\u1edbi \u0111\u00e3 tin d\u00f9ng CJC\u00ae \u0111\u1ec3 <strong>t\u1ed1i \u01b0u quy tr\u00ecnh t\u00f4i nhi\u1ec7t, \u0111\u1ea3m b\u1ea3o ch\u1ea5t l\u01b0\u1ee3ng th\u00e0nh ph\u1ea9m v\u00e0 gi\u1ea3m thi\u1ec3u r\u1ee7i ro v\u1eadn h\u00e0nh<\/strong>. \ud83c\udfed\ud83d\udd25<\/p>\t\t\t\t\t\t\t\t<\/div>\n\t\t\t\t<\/div>\n\t\t\t\t\t<\/div>\n\t\t<\/div>\n\t\t\t\t<div class=\"elementor-column elementor-col-33 elementor-top-column elementor-element elementor-element-d13fecd\" data-id=\"d13fecd\" data-element_type=\"column\">\n\t\t\t<div class=\"elementor-widget-wrap elementor-element-populated\">\n\t\t\t\t\t\t<div class=\"elementor-element elementor-element-d4ccf00 elementor-widget elementor-widget-image\" data-id=\"d4ccf00\" data-element_type=\"widget\" data-widget_type=\"image.default\">\n\t\t\t\t<div class=\"elementor-widget-container\">\n\t\t\t\t\t\t\t\t\t\t\t\t\t\t\t<img fetchpriority=\"high\" decoding=\"async\" width=\"800\" height=\"938\" src=\"https:\/\/fsv.com.vn\/wp-content\/uploads\/2025\/03\/Anh-man-hinh-2025-03-16-luc-10.14.40-873x1024.png\" class=\"attachment-large size-large wp-image-2003\" alt=\"\" srcset=\"https:\/\/fsv.com.vn\/wp-content\/uploads\/2025\/03\/Anh-man-hinh-2025-03-16-luc-10.14.40-873x1024.png 873w, https:\/\/fsv.com.vn\/wp-content\/uploads\/2025\/03\/Anh-man-hinh-2025-03-16-luc-10.14.40-256x300.png 256w, https:\/\/fsv.com.vn\/wp-content\/uploads\/2025\/03\/Anh-man-hinh-2025-03-16-luc-10.14.40-768x901.png 768w, https:\/\/fsv.com.vn\/wp-content\/uploads\/2025\/03\/Anh-man-hinh-2025-03-16-luc-10.14.40.png 924w\" sizes=\"(max-width: 800px) 100vw, 800px\" \/>\t\t\t\t\t\t\t\t\t\t\t\t\t\t\t<\/div>\n\t\t\t\t<\/div>\n\t\t\t\t<div class=\"elementor-element elementor-element-a785eaa elementor-widget elementor-widget-text-editor\" data-id=\"a785eaa\" data-element_type=\"widget\" data-widget_type=\"text-editor.default\">\n\t\t\t\t<div class=\"elementor-widget-container\">\n\t\t\t\t\t\t\t\t\t<h5><a href=\"https:\/\/www.cjc.dk\/fileadmin\/root\/File_Admin_Filter\/doc_Customer_Cases\/Ind_Quench_Oil_Heat_Treat_Furnace_Automotive_part_manufacturer_CCIN5164-UK.pdf\">Quench Oil &#8211; Heat Treat Furnace &#8211; Automotive Manufacturer<\/a><\/h5><h5><a href=\"https:\/\/www.cjc.dk\/system-solutions\/industry\/quench-works\/\">CJC Quench Works<\/a><\/h5>\t\t\t\t\t\t\t\t<\/div>\n\t\t\t\t<\/div>\n\t\t\t\t\t<\/div>\n\t\t<\/div>\n\t\t\t\t\t<\/div>\n\t\t<\/section>\n\t\t\t\t<section class=\"elementor-section elementor-top-section elementor-element elementor-element-8b999e3 elementor-section-boxed elementor-section-height-default elementor-section-height-default\" data-id=\"8b999e3\" data-element_type=\"section\">\n\t\t\t\t\t\t<div class=\"elementor-container elementor-column-gap-default\">\n\t\t\t\t\t<div class=\"elementor-column elementor-col-100 elementor-top-column elementor-element elementor-element-5f7efb2\" data-id=\"5f7efb2\" data-element_type=\"column\">\n\t\t\t<div class=\"elementor-widget-wrap elementor-element-populated\">\n\t\t\t\t\t\t<div class=\"elementor-element elementor-element-cd18dc0 elementor-widget elementor-widget-spacer\" data-id=\"cd18dc0\" data-element_type=\"widget\" data-widget_type=\"spacer.default\">\n\t\t\t\t<div class=\"elementor-widget-container\">\n\t\t\t\t\t\t\t<div class=\"elementor-spacer\">\n\t\t\t<div class=\"elementor-spacer-inner\"><\/div>\n\t\t<\/div>\n\t\t\t\t\t\t<\/div>\n\t\t\t\t<\/div>\n\t\t\t\t\t<\/div>\n\t\t<\/div>\n\t\t\t\t\t<\/div>\n\t\t<\/section>\n\t\t\t\t<\/div>\n\t\t","protected":false},"excerpt":{"rendered":"<p>GI\u1ea2I PH\u00c1P L\u1eccC D\u1ea6U CJC\u00ae CHO H\u1ec6 TH\u1ed0NG T\u00d4I LUY\u1ec6N (QUENCH WORKS) \u0110\u1ea2M B\u1ea2O HI\u1ec6U SU\u1ea4T &amp; CH\u1ea4T L\u01af\u1ee2NG CHO H\u1ec6 TH\u1ed0NG T\u00d4I LUY\u1ec6N Trong c\u00e1c nh\u00e0 m\u00e1y t\u00f4i luy\u1ec7n, d\u1ea7u trong b\u1ec3 t\u00f4i (m\u1edf ho\u1eb7c k\u00edn) th\u01b0\u1eddng xuy\u00ean b\u1ecb nhi\u1ec5m b\u1ea9n \u1edf m\u1ee9c \u0111\u1ed9 cao do c\u00e1c t\u1ea1p ch\u1ea5t sinh ra trong qu\u00e1 tr\u00ecnh [&hellip;]<\/p>\n","protected":false},"author":1,"featured_media":0,"parent":152,"menu_order":10,"comment_status":"closed","ping_status":"closed","template":"","meta":{"footnotes":""},"class_list":["post-318","page","type-page","status-publish","hentry"],"_links":{"self":[{"href":"https:\/\/fsv.com.vn\/index.php\/wp-json\/wp\/v2\/pages\/318","targetHints":{"allow":["GET"]}}],"collection":[{"href":"https:\/\/fsv.com.vn\/index.php\/wp-json\/wp\/v2\/pages"}],"about":[{"href":"https:\/\/fsv.com.vn\/index.php\/wp-json\/wp\/v2\/types\/page"}],"author":[{"embeddable":true,"href":"https:\/\/fsv.com.vn\/index.php\/wp-json\/wp\/v2\/users\/1"}],"replies":[{"embeddable":true,"href":"https:\/\/fsv.com.vn\/index.php\/wp-json\/wp\/v2\/comments?post=318"}],"version-history":[{"count":20,"href":"https:\/\/fsv.com.vn\/index.php\/wp-json\/wp\/v2\/pages\/318\/revisions"}],"predecessor-version":[{"id":2047,"href":"https:\/\/fsv.com.vn\/index.php\/wp-json\/wp\/v2\/pages\/318\/revisions\/2047"}],"up":[{"embeddable":true,"href":"https:\/\/fsv.com.vn\/index.php\/wp-json\/wp\/v2\/pages\/152"}],"wp:attachment":[{"href":"https:\/\/fsv.com.vn\/index.php\/wp-json\/wp\/v2\/media?parent=318"}],"curies":[{"name":"wp","href":"https:\/\/api.w.org\/{rel}","templated":true}]}}