{"id":300,"date":"2023-03-28T08:20:22","date_gmt":"2023-03-28T01:20:22","guid":{"rendered":"https:\/\/fsv.com.vn\/?page_id=300"},"modified":"2025-03-16T09:56:50","modified_gmt":"2025-03-16T02:56:50","slug":"may-moc-di-dong","status":"publish","type":"page","link":"https:\/\/fsv.com.vn\/index.php\/giai-phap\/cong-nghiep\/may-moc-di-dong\/","title":{"rendered":"M\u00e1y m\u00f3c di \u0111\u1ed9ng"},"content":{"rendered":"\t\t<div data-elementor-type=\"wp-page\" data-elementor-id=\"300\" class=\"elementor elementor-300\" data-elementor-post-type=\"page\">\n\t\t\t\t\t\t<section class=\"elementor-section elementor-top-section elementor-element elementor-element-f3286b2 elementor-section-boxed elementor-section-height-default elementor-section-height-default\" data-id=\"f3286b2\" data-element_type=\"section\">\n\t\t\t\t\t\t<div class=\"elementor-container elementor-column-gap-default\">\n\t\t\t\t\t<div class=\"elementor-column elementor-col-100 elementor-top-column elementor-element elementor-element-7ab9357\" data-id=\"7ab9357\" data-element_type=\"column\">\n\t\t\t<div class=\"elementor-widget-wrap elementor-element-populated\">\n\t\t\t\t\t\t<div class=\"elementor-element elementor-element-13bcab4 elementor-widget elementor-widget-spacer\" data-id=\"13bcab4\" data-element_type=\"widget\" data-widget_type=\"spacer.default\">\n\t\t\t\t<div class=\"elementor-widget-container\">\n\t\t\t\t\t\t\t<div class=\"elementor-spacer\">\n\t\t\t<div class=\"elementor-spacer-inner\"><\/div>\n\t\t<\/div>\n\t\t\t\t\t\t<\/div>\n\t\t\t\t<\/div>\n\t\t\t\t\t<\/div>\n\t\t<\/div>\n\t\t\t\t\t<\/div>\n\t\t<\/section>\n\t\t\t\t<section class=\"elementor-section elementor-top-section elementor-element elementor-element-7e357bb elementor-section-boxed elementor-section-height-default elementor-section-height-default\" data-id=\"7e357bb\" data-element_type=\"section\">\n\t\t\t\t\t\t<div class=\"elementor-container elementor-column-gap-default\">\n\t\t\t\t\t<div class=\"elementor-column elementor-col-66 elementor-top-column elementor-element elementor-element-162c716\" data-id=\"162c716\" data-element_type=\"column\">\n\t\t\t<div class=\"elementor-widget-wrap elementor-element-populated\">\n\t\t\t\t\t\t<div class=\"elementor-element elementor-element-4a92b99 elementor-widget elementor-widget-text-editor\" data-id=\"4a92b99\" data-element_type=\"widget\" data-widget_type=\"text-editor.default\">\n\t\t\t\t<div class=\"elementor-widget-container\">\n\t\t\t\t\t\t\t\t\t<h5><strong>GI\u1ea2I PH\u00c1P L\u1eccC D\u1ea6U CJC\u00ae CHO M\u00c1Y C\u01a0 GI\u1edaI<\/strong><\/h5><h4><strong>DUY TR\u00cc HI\u1ec6U SU\u1ea4T V\u00c0 \u0110\u1ed8 \u1ed4N \u0110\u1ecaNH C\u1ee6A M\u00c1Y C\u01a0 GI\u1edaI<\/strong><\/h4><p>M\u00e1y c\u01a1 gi\u1edbi nh\u01b0 b\u01a1m b\u00ea t\u00f4ng, c\u1ea7n c\u1ea9u, thi\u1ebft b\u1ecb x\u00e2y d\u1ef1ng v\u00e0 m\u00e1y m\u00f3c n\u00f4ng nghi\u1ec7p l\u00e0 nh\u1eefng h\u1ec7 th\u1ed1ng th\u1ee7y l\u1ef1c ti\u00ean ti\u1ebfn, ho\u1ea1t \u0111\u1ed9ng trong \u0111i\u1ec1u ki\u1ec7n m\u00f4i tr\u01b0\u1eddng kh\u1eafc nghi\u1ec7t. <strong>\u0110\u1ed9 tin c\u1eady c\u1ee7a thi\u1ebft b\u1ecb \u0111\u00f3ng vai tr\u00f2 quan tr\u1ecdng \u0111\u1ec3 duy tr\u00ec hi\u1ec7u su\u1ea5t cao v\u00e0 t\u1ed1i \u01b0u h\u00f3a ngu\u1ed3n nh\u00e2n l\u1ef1c<\/strong>. \u0110\u1ec3 \u0111\u1ea3m b\u1ea3o m\u00e1y lu\u00f4n s\u1eb5n s\u00e0ng ho\u1ea1t \u0111\u1ed9ng v\u00e0 kh\u00f4ng b\u1ecb gi\u00e1n \u0111o\u1ea1n, d\u1ea7u v\u00e0 nhi\u00ean li\u1ec7u c\u1ea7n \u0111\u01b0\u1ee3c gi\u1eef <strong>s\u1ea1ch, kh\u00f4 v\u00e0 kh\u00f4ng c\u00f3 c\u1eb7n b\u1ea9n<\/strong>.<\/p><h4><strong>TH\u00c1CH TH\u1ee8C<\/strong><\/h4><p>\ud83d\udd39 <strong>M\u00f4i tr\u01b0\u1eddng nhi\u1ec1u b\u1ee5i b\u1ea9n v\u00e0 \u0111\u1ed9 \u1ea9m cao g\u00e2y \u1ea3nh h\u01b0\u1edfng nghi\u00eam tr\u1ecdng \u0111\u1ebfn h\u1ec7 th\u1ed1ng th\u1ee7y l\u1ef1c<\/strong>. N\u1ebfu d\u1ea7u v\u00e0 nhi\u00ean li\u1ec7u kh\u00f4ng \u0111\u01b0\u1ee3c l\u1ecdc s\u1ea1ch \u0111\u00fang c\u00e1ch, m\u00e1y c\u01a1 gi\u1edbi s\u1ebd g\u1eb7p ph\u1ea3i:<\/p><ul><li><strong>Gi\u1ea3m hi\u1ec7u su\u1ea5t ho\u1ea1t \u0111\u1ed9ng, m\u1ea5t \u0111\u1ebfn 20% c\u00f4ng su\u1ea5t do d\u1ea7u b\u1ea9n v\u00e0 \u1ea9m<\/strong><\/li><li><strong>T\u0103ng nguy c\u01a1 h\u1ecfng h\u00f3c \u1edf h\u1ed9p s\u1ed1, v\u00f2ng bi, \u0111\u1ed9ng c\u01a1 th\u1ee7y l\u1ef1c<\/strong>, d\u1eabn \u0111\u1ebfn chi ph\u00ed s\u1eeda ch\u1eefa cao<\/li><li><strong>Gio\u0103ng ph\u1edbt b\u1ecb r\u00f2 r\u1ec9, g\u00e2y r\u1ee7i ro v\u1ec1 an to\u00e0n m\u00f4i tr\u01b0\u1eddng<\/strong><\/li><li><strong>\u0110\u1ed9ng c\u01a1 diesel b\u1ecb m\u00e0i m\u00f2n nhanh ch\u00f3ng n\u1ebfu nhi\u00ean li\u1ec7u nhi\u1ec5m n\u01b0\u1edbc v\u00e0 t\u1ea1p ch\u1ea5t<\/strong><\/li><li><strong>Nguy c\u01a1 ng\u1eebng m\u00e1y \u0111\u1ed9t xu\u1ea5t, \u1ea3nh h\u01b0\u1edfng \u0111\u1ebfn ti\u1ebfn \u0111\u1ed9 thi c\u00f4ng v\u00e0 g\u00e2y t\u1ed5n th\u1ea5t t\u00e0i ch\u00ednh<\/strong><\/li><\/ul><h4><strong>L\u1ee2I \u00cdCH KHI L\u1eaeP \u0110\u1eb6T THI\u1ebeT B\u1eca L\u1eccC D\u1ea6U CJC\u00ae<\/strong><\/h4><p>\u2714\ufe0f <strong>Gi\u1eef m\u00e1y c\u01a1 gi\u1edbi lu\u00f4n s\u1eb5n s\u00e0ng v\u1eadn h\u00e0nh v\u1edbi hi\u1ec7u su\u1ea5t t\u1ed1i \u0111a<\/strong><br \/>\u2714\ufe0f <strong>Duy tr\u00ec ti\u1ebfn \u0111\u1ed9 c\u00f4ng vi\u1ec7c m\u00e0 kh\u00f4ng g\u1eb7p s\u1ef1 c\u1ed1 ngo\u00e0i \u00fd mu\u1ed1n<\/strong><br \/>\u2714\ufe0f <strong>Gi\u1ea3m thi\u1ec3u r\u1ee7i ro h\u1ecfng h\u00f3c, ti\u1ebft ki\u1ec7m chi ph\u00ed b\u1ea3o tr\u00ec v\u00e0 s\u1eeda ch\u1eefa<\/strong><br \/>\u2714\ufe0f <strong>Gia t\u0103ng tu\u1ed5i th\u1ecd d\u1ea7u th\u1ee7y l\u1ef1c l\u00ean \u0111\u1ebfn 3-4 l\u1ea7n<\/strong><br \/>\u2714\ufe0f <strong>Gi\u1ea3m nguy c\u01a1 r\u00f2 r\u1ec9 d\u1ea7u, b\u1ea3o v\u1ec7 m\u00f4i tr\u01b0\u1eddng<\/strong><br \/>\u2714\ufe0f <strong>Gi\u1eef nhi\u00ean li\u1ec7u s\u1ea1ch gi\u00fap \u0111\u1ed9ng c\u01a1 ho\u1ea1t \u0111\u1ed9ng \u1ed5n \u0111\u1ecbnh v\u00e0 b\u1ec1n b\u1ec9 h\u01a1n<\/strong><\/p><p>\u00a0<\/p><p>\ud83d\udd39 <strong>Thi\u1ebft b\u1ecb l\u1ecdc d\u1ea7u CJC\u00ae c\u00f3 kh\u1ea3 n\u0103ng lo\u1ea1i b\u1ecf hi\u1ec7u qu\u1ea3 b\u1ee5i b\u1ea9n, n\u01b0\u1edbc v\u00e0 c\u1eb7n oxi h\u00f3a<\/strong>, gi\u00fap m\u00e1y c\u01a1 gi\u1edbi <strong>ho\u1ea1t \u0111\u1ed9ng tr\u01a1n tru, k\u00e9o d\u00e0i tu\u1ed5i th\u1ecd linh ki\u1ec7n v\u00e0 gi\u1ea3m t\u1ed1i \u0111a chi ph\u00ed v\u1eadn h\u00e0nh<\/strong>. H\u00e0ng ngh\u00ecn thi\u1ebft b\u1ecb tr\u00ean th\u1ebf gi\u1edbi \u0111\u00e3 s\u1eed d\u1ee5ng CJC\u00ae \u0111\u1ec3 \u0111\u1ea3m b\u1ea3o <strong>ho\u1ea1t \u0111\u1ed9ng b\u1ec1n b\u1ec9, \u1ed5n \u0111\u1ecbnh v\u00e0 hi\u1ec7u qu\u1ea3 tr\u00ean m\u1ecdi c\u00f4ng tr\u01b0\u1eddng<\/strong>. \ud83d\ude9c\ud83c\udfd7\ufe0f<\/p>\t\t\t\t\t\t\t\t<\/div>\n\t\t\t\t<\/div>\n\t\t\t\t\t<\/div>\n\t\t<\/div>\n\t\t\t\t<div class=\"elementor-column elementor-col-33 elementor-top-column elementor-element elementor-element-1b28784\" data-id=\"1b28784\" data-element_type=\"column\">\n\t\t\t<div class=\"elementor-widget-wrap elementor-element-populated\">\n\t\t\t\t\t\t<div class=\"elementor-element elementor-element-02f943b elementor-widget elementor-widget-image\" data-id=\"02f943b\" data-element_type=\"widget\" data-widget_type=\"image.default\">\n\t\t\t\t<div class=\"elementor-widget-container\">\n\t\t\t\t\t\t\t\t\t\t\t\t\t\t\t<img fetchpriority=\"high\" decoding=\"async\" width=\"800\" height=\"376\" src=\"https:\/\/fsv.com.vn\/wp-content\/uploads\/2023\/03\/mobile-machinery-6822.png\" class=\"attachment-large size-large wp-image-302\" alt=\"\" srcset=\"https:\/\/fsv.com.vn\/wp-content\/uploads\/2023\/03\/mobile-machinery-6822.png 850w, https:\/\/fsv.com.vn\/wp-content\/uploads\/2023\/03\/mobile-machinery-6822-300x141.png 300w, https:\/\/fsv.com.vn\/wp-content\/uploads\/2023\/03\/mobile-machinery-6822-768x361.png 768w\" sizes=\"(max-width: 800px) 100vw, 800px\" \/>\t\t\t\t\t\t\t\t\t\t\t\t\t\t\t<\/div>\n\t\t\t\t<\/div>\n\t\t\t\t<div class=\"elementor-element elementor-element-6797196 elementor-widget elementor-widget-image\" data-id=\"6797196\" data-element_type=\"widget\" data-widget_type=\"image.default\">\n\t\t\t\t<div class=\"elementor-widget-container\">\n\t\t\t\t\t\t\t\t\t\t\t\t\t\t\t<img decoding=\"async\" width=\"510\" height=\"1024\" src=\"https:\/\/fsv.com.vn\/wp-content\/uploads\/2025\/03\/Anh-man-hinh-2025-03-16-luc-09.54.58-510x1024.png\" class=\"attachment-large size-large wp-image-1978\" alt=\"\" srcset=\"https:\/\/fsv.com.vn\/wp-content\/uploads\/2025\/03\/Anh-man-hinh-2025-03-16-luc-09.54.58-510x1024.png 510w, https:\/\/fsv.com.vn\/wp-content\/uploads\/2025\/03\/Anh-man-hinh-2025-03-16-luc-09.54.58-150x300.png 150w, https:\/\/fsv.com.vn\/wp-content\/uploads\/2025\/03\/Anh-man-hinh-2025-03-16-luc-09.54.58.png 612w\" sizes=\"(max-width: 510px) 100vw, 510px\" \/>\t\t\t\t\t\t\t\t\t\t\t\t\t\t\t<\/div>\n\t\t\t\t<\/div>\n\t\t\t\t<div class=\"elementor-element elementor-element-cb38de7 elementor-widget elementor-widget-text-editor\" data-id=\"cb38de7\" data-element_type=\"widget\" data-widget_type=\"text-editor.default\">\n\t\t\t\t<div class=\"elementor-widget-container\">\n\t\t\t\t\t\t\t\t\t<h5><a href=\"https:\/\/www.cjc.dk\/system-solutions\/industry\/mobile-machinery\/\">Mobile Machinery<\/a><\/h5><h5>\u00a0<\/h5>\t\t\t\t\t\t\t\t<\/div>\n\t\t\t\t<\/div>\n\t\t\t\t\t<\/div>\n\t\t<\/div>\n\t\t\t\t\t<\/div>\n\t\t<\/section>\n\t\t\t\t<section class=\"elementor-section elementor-top-section elementor-element elementor-element-bc09932 elementor-section-boxed elementor-section-height-default elementor-section-height-default\" data-id=\"bc09932\" data-element_type=\"section\">\n\t\t\t\t\t\t<div class=\"elementor-container elementor-column-gap-default\">\n\t\t\t\t\t<div class=\"elementor-column elementor-col-100 elementor-top-column elementor-element elementor-element-1fbc472\" data-id=\"1fbc472\" data-element_type=\"column\">\n\t\t\t<div class=\"elementor-widget-wrap elementor-element-populated\">\n\t\t\t\t\t\t<div class=\"elementor-element elementor-element-41b67ba elementor-widget elementor-widget-spacer\" data-id=\"41b67ba\" data-element_type=\"widget\" data-widget_type=\"spacer.default\">\n\t\t\t\t<div class=\"elementor-widget-container\">\n\t\t\t\t\t\t\t<div class=\"elementor-spacer\">\n\t\t\t<div class=\"elementor-spacer-inner\"><\/div>\n\t\t<\/div>\n\t\t\t\t\t\t<\/div>\n\t\t\t\t<\/div>\n\t\t\t\t\t<\/div>\n\t\t<\/div>\n\t\t\t\t\t<\/div>\n\t\t<\/section>\n\t\t\t\t<\/div>\n\t\t","protected":false},"excerpt":{"rendered":"<p>GI\u1ea2I PH\u00c1P L\u1eccC D\u1ea6U CJC\u00ae CHO M\u00c1Y C\u01a0 GI\u1edaI DUY TR\u00cc HI\u1ec6U SU\u1ea4T V\u00c0 \u0110\u1ed8 \u1ed4N \u0110\u1ecaNH C\u1ee6A M\u00c1Y C\u01a0 GI\u1edaI M\u00e1y c\u01a1 gi\u1edbi nh\u01b0 b\u01a1m b\u00ea t\u00f4ng, c\u1ea7n c\u1ea9u, thi\u1ebft b\u1ecb x\u00e2y d\u1ef1ng v\u00e0 m\u00e1y m\u00f3c n\u00f4ng nghi\u1ec7p l\u00e0 nh\u1eefng h\u1ec7 th\u1ed1ng th\u1ee7y l\u1ef1c ti\u00ean ti\u1ebfn, ho\u1ea1t \u0111\u1ed9ng trong \u0111i\u1ec1u ki\u1ec7n m\u00f4i tr\u01b0\u1eddng kh\u1eafc [&hellip;]<\/p>\n","protected":false},"author":1,"featured_media":0,"parent":152,"menu_order":7,"comment_status":"closed","ping_status":"closed","template":"","meta":{"footnotes":""},"class_list":["post-300","page","type-page","status-publish","hentry"],"_links":{"self":[{"href":"https:\/\/fsv.com.vn\/index.php\/wp-json\/wp\/v2\/pages\/300","targetHints":{"allow":["GET"]}}],"collection":[{"href":"https:\/\/fsv.com.vn\/index.php\/wp-json\/wp\/v2\/pages"}],"about":[{"href":"https:\/\/fsv.com.vn\/index.php\/wp-json\/wp\/v2\/types\/page"}],"author":[{"embeddable":true,"href":"https:\/\/fsv.com.vn\/index.php\/wp-json\/wp\/v2\/users\/1"}],"replies":[{"embeddable":true,"href":"https:\/\/fsv.com.vn\/index.php\/wp-json\/wp\/v2\/comments?post=300"}],"version-history":[{"count":16,"href":"https:\/\/fsv.com.vn\/index.php\/wp-json\/wp\/v2\/pages\/300\/revisions"}],"predecessor-version":[{"id":1981,"href":"https:\/\/fsv.com.vn\/index.php\/wp-json\/wp\/v2\/pages\/300\/revisions\/1981"}],"up":[{"embeddable":true,"href":"https:\/\/fsv.com.vn\/index.php\/wp-json\/wp\/v2\/pages\/152"}],"wp:attachment":[{"href":"https:\/\/fsv.com.vn\/index.php\/wp-json\/wp\/v2\/media?parent=300"}],"curies":[{"name":"wp","href":"https:\/\/api.w.org\/{rel}","templated":true}]}}