{"id":190,"date":"2023-03-28T07:52:43","date_gmt":"2023-03-28T00:52:43","guid":{"rendered":"https:\/\/fsv.com.vn\/?page_id=190"},"modified":"2025-03-16T10:44:44","modified_gmt":"2025-03-16T03:44:44","slug":"tuabin-hoi-dau-ehc","status":"publish","type":"page","link":"https:\/\/fsv.com.vn\/index.php\/giai-phap\/nha-may-dien\/tuabin-hoi-dau-ehc\/","title":{"rendered":"Tuabin h\u01a1i &#8211; D\u1ea7u \u0111i\u1ec1u khi\u1ec3n EHC"},"content":{"rendered":"\t\t<div data-elementor-type=\"wp-page\" data-elementor-id=\"190\" class=\"elementor elementor-190\" data-elementor-post-type=\"page\">\n\t\t\t\t\t\t<section class=\"elementor-section elementor-top-section elementor-element elementor-element-327b58f elementor-section-boxed elementor-section-height-default elementor-section-height-default\" data-id=\"327b58f\" data-element_type=\"section\">\n\t\t\t\t\t\t<div class=\"elementor-container elementor-column-gap-default\">\n\t\t\t\t\t<div class=\"elementor-column elementor-col-100 elementor-top-column elementor-element elementor-element-54c863e\" data-id=\"54c863e\" data-element_type=\"column\">\n\t\t\t<div class=\"elementor-widget-wrap elementor-element-populated\">\n\t\t\t\t\t\t<div class=\"elementor-element elementor-element-9e920fc elementor-widget elementor-widget-spacer\" data-id=\"9e920fc\" data-element_type=\"widget\" data-widget_type=\"spacer.default\">\n\t\t\t\t<div class=\"elementor-widget-container\">\n\t\t\t\t\t\t\t<div class=\"elementor-spacer\">\n\t\t\t<div class=\"elementor-spacer-inner\"><\/div>\n\t\t<\/div>\n\t\t\t\t\t\t<\/div>\n\t\t\t\t<\/div>\n\t\t\t\t\t<\/div>\n\t\t<\/div>\n\t\t\t\t\t<\/div>\n\t\t<\/section>\n\t\t\t\t<section class=\"elementor-section elementor-top-section elementor-element elementor-element-1d97e5d elementor-section-boxed elementor-section-height-default elementor-section-height-default\" data-id=\"1d97e5d\" data-element_type=\"section\">\n\t\t\t\t\t\t<div class=\"elementor-container elementor-column-gap-default\">\n\t\t\t\t\t<div class=\"elementor-column elementor-col-66 elementor-top-column elementor-element elementor-element-aa16b42\" data-id=\"aa16b42\" data-element_type=\"column\">\n\t\t\t<div class=\"elementor-widget-wrap elementor-element-populated\">\n\t\t\t\t\t\t<div class=\"elementor-element elementor-element-9829592 elementor-widget elementor-widget-text-editor\" data-id=\"9829592\" data-element_type=\"widget\" data-widget_type=\"text-editor.default\">\n\t\t\t\t<div class=\"elementor-widget-container\">\n\t\t\t\t\t\t\t\t\t<p data-start=\"0\" data-end=\"106\"><strong data-start=\"0\" data-end=\"104\">GI\u1ea2I PH\u00c1P L\u1eccC D\u1ea6U CJC\u00ae CHO H\u1ec6 TH\u1ed0NG \u0110I\u1ec0U KHI\u1ec2N TUA-BIN H\u01a0I (EHC) \u2013 T\u0102NG C\u01af\u1edcNG \u0110\u1ed8 TIN C\u1eacY &amp; HI\u1ec6U SU\u1ea4T<\/strong><\/p><h3 data-start=\"108\" data-end=\"166\"><strong data-start=\"112\" data-end=\"164\">B\u1ea2O V\u1ec6 H\u1ec6 TH\u1ed0NG D\u1ea6U \u0110I\u1ec0U KHI\u1ec2N TUA-BIN H\u01a0I (EHC)<\/strong><\/h3><p data-start=\"167\" data-end=\"618\">Trong c\u00e1c nh\u00e0 m\u00e1y \u0111i\u1ec7n, h\u1ec7 th\u1ed1ng \u0111i\u1ec1u khi\u1ec3n \u0111i\u1ec7n-th\u1ee7y l\u1ef1c (Electro-Hydraulic Control \u2013 EHC) \u0111\u00f3ng vai tr\u00f2 quan tr\u1ecdng trong vi\u1ec7c ki\u1ec3m so\u00e1t ho\u1ea1t \u0111\u1ed9ng c\u1ee7a tua-bin h\u01a1i. D\u1ea7u phosphate ester trong h\u1ec7 th\u1ed1ng EHC gi\u00fap v\u1eadn h\u00e0nh c\u00e1c van \u0111i\u1ec1u khi\u1ec3n ch\u00ednh x\u00e1c, \u0111\u1ea3m b\u1ea3o tua-bin ho\u1ea1t \u0111\u1ed9ng an to\u00e0n v\u00e0 \u1ed5n \u0111\u1ecbnh. Tuy nhi\u00ean, d\u1ea7u EHC r\u1ea5t nh\u1ea1y c\u1ea3m v\u1edbi n\u01b0\u1edbc, axit, c\u1eb7n b\u1ea9n v\u00e0 s\u1ea3n ph\u1ea9m oxy h\u00f3a, c\u00f3 th\u1ec3 g\u00e2y t\u1eafc ngh\u1ebdn van, gi\u1ea3m hi\u1ec7u su\u1ea5t v\u00e0 t\u0103ng nguy c\u01a1 h\u1ecfng h\u00f3c nghi\u00eam tr\u1ecdng.<\/p><p data-start=\"620\" data-end=\"814\"><strong data-start=\"620\" data-end=\"660\">Gi\u1ea3i ph\u00e1p l\u1ecdc d\u1ea7u C.C. JENSEN (CJC\u00ae)<\/strong> gi\u00fap lo\u1ea1i b\u1ecf n\u01b0\u1edbc, axit v\u00e0 c\u1eb7n b\u1ea9n trong d\u1ea7u EHC, gi\u00fap h\u1ec7 th\u1ed1ng \u0111i\u1ec1u khi\u1ec3n tua-bin v\u1eadn h\u00e0nh \u1ed5n \u0111\u1ecbnh, k\u00e9o d\u00e0i tu\u1ed5i th\u1ecd thi\u1ebft b\u1ecb v\u00e0 gi\u1ea3m chi ph\u00ed b\u1ea3o tr\u00ec.<\/p><h3 data-start=\"816\" data-end=\"879\"><strong data-start=\"820\" data-end=\"877\">TH\u00c1CH TH\u1ee8C C\u1ee6A D\u1ea6U PHOSPHATE ESTER TRONG H\u1ec6 TH\u1ed0NG EHC<\/strong><\/h3><p data-start=\"880\" data-end=\"1333\">\ud83d\udd38 <strong data-start=\"883\" data-end=\"899\">H\u1ea5p th\u1ee5 n\u01b0\u1edbc<\/strong> \u2013 D\u1ea7u phosphate ester c\u00f3 t\u00ednh h\u00fat \u1ea9m cao, khi nhi\u1ec5m n\u01b0\u1edbc s\u1ebd l\u00e0m gi\u1ea3m kh\u1ea3 n\u0103ng b\u00f4i tr\u01a1n v\u00e0 \u0111\u1ea9y nhanh qu\u00e1 tr\u00ecnh ph\u00e2n h\u1ee7y d\u1ea7u.<br data-start=\"1023\" data-end=\"1026\" \/>\ud83d\udd38 <strong data-start=\"1029\" data-end=\"1045\">T\u00edch t\u1ee5 axit<\/strong> \u2013 S\u1ea3n ph\u1ea9m ph\u00e2n h\u1ee7y c\u1ee7a d\u1ea7u c\u00f3 th\u1ec3 t\u1ea1o th\u00e0nh axit, g\u00e2y \u0103n m\u00f2n c\u00e1c van v\u00e0 b\u01a1m.<br data-start=\"1123\" data-end=\"1126\" \/>\ud83d\udd38 <strong data-start=\"1129\" data-end=\"1150\">H\u1ea1t r\u1eafn &amp; c\u1eb7n b\u1ea9n<\/strong> \u2013 C\u00f3 th\u1ec3 l\u00e0m t\u1eafc ngh\u1ebdn h\u1ec7 th\u1ed1ng l\u1ecdc, g\u00e2y k\u1eb9t van v\u00e0 gi\u1ea3m hi\u1ec7u su\u1ea5t \u0111i\u1ec1u khi\u1ec3n.<br data-start=\"1229\" data-end=\"1232\" \/>\ud83d\udd38 <strong data-start=\"1235\" data-end=\"1256\">L\u00e3o h\u00f3a d\u1ea7u nhanh<\/strong> \u2013 Oxy h\u00f3a d\u1ea7u l\u00e0m gi\u1ea3m t\u00ednh ch\u1ea5t v\u1eadt l\u00fd c\u1ee7a d\u1ea7u, g\u00e2y m\u1ea5t \u1ed5n \u0111\u1ecbnh h\u1ec7 th\u1ed1ng.<\/p><h3 data-start=\"1335\" data-end=\"1389\"><strong data-start=\"1339\" data-end=\"1387\">GI\u1ea2I PH\u00c1P L\u1eccC D\u1ea6U CJC\u00ae \u2013 B\u1ea2O V\u1ec6 H\u1ec6 TH\u1ed0NG EHC<\/strong><\/h3><p data-start=\"1390\" data-end=\"1950\">\u2705 <strong data-start=\"1392\" data-end=\"1415\">Lo\u1ea1i b\u1ecf n\u01b0\u1edbc &amp; axit<\/strong> \u2013 Gi\u00fap d\u1ea7u lu\u00f4n kh\u00f4, \u1ed5n \u0111\u1ecbnh v\u00e0 b\u1ea3o v\u1ec7 thi\u1ebft b\u1ecb.<br data-start=\"1464\" data-end=\"1467\" \/>\u2705 <strong data-start=\"1469\" data-end=\"1489\">Gi\u1ea3m l\u00e3o h\u00f3a d\u1ea7u<\/strong> \u2013 Ng\u0103n ch\u1eb7n qu\u00e1 tr\u00ecnh oxy h\u00f3a, k\u00e9o d\u00e0i tu\u1ed5i th\u1ecd d\u1ea7u.<br data-start=\"1542\" data-end=\"1545\" \/>\u2705 <strong data-start=\"1547\" data-end=\"1576\">Lo\u1ea1i b\u1ecf c\u1eb7n b\u1ea9n &amp; h\u1ea1t r\u1eafn<\/strong> \u2013 Duy tr\u00ec \u0111\u1ed9 s\u1ea1ch c\u1ee7a d\u1ea7u, gi\u00fap h\u1ec7 th\u1ed1ng ho\u1ea1t \u0111\u1ed9ng tr\u01a1n tru.<br data-start=\"1637\" data-end=\"1640\" \/>\u2705 <strong data-start=\"1642\" data-end=\"1683\">Gi\u1ea3m nguy c\u01a1 t\u1eafc ngh\u1ebdn van &amp; h\u1ecfng b\u01a1m<\/strong> \u2013 N\u00e2ng cao \u0111\u1ed9 tin c\u1eady c\u1ee7a h\u1ec7 th\u1ed1ng \u0111i\u1ec1u khi\u1ec3n.<br data-start=\"1730\" data-end=\"1733\" \/>\u2705 <strong data-start=\"1735\" data-end=\"1781\">Gi\u1ea3m chi ph\u00ed b\u1ea3o tr\u00ec &amp; th\u1eddi gian ng\u1eebng m\u00e1y<\/strong> \u2013 H\u1ea1n ch\u1ebf s\u1ef1 c\u1ed1 ngo\u00e0i \u00fd mu\u1ed1n, gi\u00fap nh\u00e0 m\u00e1y ho\u1ea1t \u0111\u1ed9ng hi\u1ec7u qu\u1ea3.<br data-start=\"1844\" data-end=\"1847\" \/>\u2705 <strong data-start=\"1849\" data-end=\"1875\">V\u1eadn h\u00e0nh li\u00ean t\u1ee5c 24\/7<\/strong> \u2013 Kh\u00f4ng c\u1ea7n d\u1eebng m\u00e1y khi l\u1ecdc d\u1ea7u, \u0111\u1ea3m b\u1ea3o ho\u1ea1t \u0111\u1ed9ng \u1ed5n \u0111\u1ecbnh c\u1ee7a tua-bin.<\/p><h3 data-start=\"1952\" data-end=\"2010\"><strong data-start=\"1956\" data-end=\"2008\">HI\u1ec6U QU\u1ea2 TH\u1ef0C T\u1ebe \u2013 GI\u1ea2M CHI PH\u00cd, T\u0102NG \u0110\u1ed8 TIN C\u1eacY<\/strong><\/h3><p data-start=\"2011\" data-end=\"2197\">\ud83d\udca1 <strong data-start=\"2014\" data-end=\"2050\">Gi\u1ea3m chi ph\u00ed b\u1ea3o tr\u00ec l\u00ean \u0111\u1ebfn 50%<\/strong><br data-start=\"2050\" data-end=\"2053\" \/>\ud83d\udca1 <strong data-start=\"2056\" data-end=\"2092\">K\u00e9o d\u00e0i tu\u1ed5i th\u1ecd d\u1ea7u g\u1ea5p 3-4 l\u1ea7n<\/strong><br data-start=\"2092\" data-end=\"2095\" \/>\ud83d\udca1 <strong data-start=\"2098\" data-end=\"2145\">Duy tr\u00ec \u0111\u1ed9 s\u1ea1ch d\u1ea7u \u0111\u1ea1t ti\u00eau chu\u1ea9n ISO 4406<\/strong><br data-start=\"2145\" data-end=\"2148\" \/>\ud83d\udca1 <strong data-start=\"2151\" data-end=\"2195\">T\u0103ng \u0111\u1ed9 tin c\u1eady &amp; hi\u1ec7u su\u1ea5t h\u1ec7 th\u1ed1ng EHC<\/strong><\/p>\t\t\t\t\t\t\t\t<\/div>\n\t\t\t\t<\/div>\n\t\t\t\t\t<\/div>\n\t\t<\/div>\n\t\t\t\t<div class=\"elementor-column elementor-col-33 elementor-top-column elementor-element elementor-element-cdbb799\" data-id=\"cdbb799\" data-element_type=\"column\">\n\t\t\t<div class=\"elementor-widget-wrap elementor-element-populated\">\n\t\t\t\t\t\t<div class=\"elementor-element elementor-element-02f943b elementor-widget elementor-widget-image\" data-id=\"02f943b\" data-element_type=\"widget\" data-widget_type=\"image.default\">\n\t\t\t\t<div class=\"elementor-widget-container\">\n\t\t\t\t\t\t\t\t\t\t\t\t\t\t\t<img fetchpriority=\"high\" decoding=\"async\" width=\"692\" height=\"1024\" src=\"https:\/\/fsv.com.vn\/wp-content\/uploads\/2025\/03\/Anh-man-hinh-2025-03-15-luc-16.02.14-692x1024.png\" class=\"attachment-large size-large wp-image-1862\" alt=\"\" srcset=\"https:\/\/fsv.com.vn\/wp-content\/uploads\/2025\/03\/Anh-man-hinh-2025-03-15-luc-16.02.14-692x1024.png 692w, https:\/\/fsv.com.vn\/wp-content\/uploads\/2025\/03\/Anh-man-hinh-2025-03-15-luc-16.02.14-203x300.png 203w, https:\/\/fsv.com.vn\/wp-content\/uploads\/2025\/03\/Anh-man-hinh-2025-03-15-luc-16.02.14-768x1136.png 768w, https:\/\/fsv.com.vn\/wp-content\/uploads\/2025\/03\/Anh-man-hinh-2025-03-15-luc-16.02.14.png 834w\" sizes=\"(max-width: 692px) 100vw, 692px\" \/>\t\t\t\t\t\t\t\t\t\t\t\t\t\t\t<\/div>\n\t\t\t\t<\/div>\n\t\t\t\t<div class=\"elementor-element elementor-element-534974d elementor-widget elementor-widget-text-editor\" data-id=\"534974d\" data-element_type=\"widget\" data-widget_type=\"text-editor.default\">\n\t\t\t\t<div class=\"elementor-widget-container\">\n\t\t\t\t\t\t\t\t\t<h5><strong><span style=\"color: #ff6600;\"><a style=\"color: #ff6600;\" href=\"https:\/\/www.cjc.dk\/fileadmin\/root\/File_Admin_Filter\/doc_Customer_Cases\/Industry-Hydraulic-Oil-Steam-Turbine-Control-System-Oil-Fired-Power-Plant_ASIN5113UK.pdf\">\u21d2 Case: Steam Turbine, Control System, Oil Fired Power Plant<\/a><\/span><\/strong><\/h5><h5>V\u00e0 nhi\u1ec1u tr\u01b0\u1eddng h\u1ee3p th\u1ef1c t\u1ebf kh\u00e1c tham kh\u1ea3o t\u1ea1i \u0111\u00e2y: <strong><span style=\"color: #ff6600;\"><a style=\"color: #ff6600;\" href=\"https:\/\/www.cjc.dk\/system-solutions\/power\/steam-turbine-control-systems-ehc\/\">CJC Case studies<\/a><\/span><\/strong><\/h5>\t\t\t\t\t\t\t\t<\/div>\n\t\t\t\t<\/div>\n\t\t\t\t\t<\/div>\n\t\t<\/div>\n\t\t\t\t\t<\/div>\n\t\t<\/section>\n\t\t\t\t<section class=\"elementor-section elementor-top-section elementor-element elementor-element-2056954 elementor-section-boxed elementor-section-height-default elementor-section-height-default\" data-id=\"2056954\" data-element_type=\"section\">\n\t\t\t\t\t\t<div class=\"elementor-container elementor-column-gap-default\">\n\t\t\t\t\t<div class=\"elementor-column elementor-col-100 elementor-top-column elementor-element elementor-element-360e9eb\" data-id=\"360e9eb\" data-element_type=\"column\">\n\t\t\t<div class=\"elementor-widget-wrap elementor-element-populated\">\n\t\t\t\t\t\t<div class=\"elementor-element elementor-element-88469af elementor-widget elementor-widget-spacer\" data-id=\"88469af\" data-element_type=\"widget\" data-widget_type=\"spacer.default\">\n\t\t\t\t<div class=\"elementor-widget-container\">\n\t\t\t\t\t\t\t<div class=\"elementor-spacer\">\n\t\t\t<div class=\"elementor-spacer-inner\"><\/div>\n\t\t<\/div>\n\t\t\t\t\t\t<\/div>\n\t\t\t\t<\/div>\n\t\t\t\t\t<\/div>\n\t\t<\/div>\n\t\t\t\t\t<\/div>\n\t\t<\/section>\n\t\t\t\t<\/div>\n\t\t","protected":false},"excerpt":{"rendered":"<p>GI\u1ea2I PH\u00c1P L\u1eccC D\u1ea6U CJC\u00ae CHO H\u1ec6 TH\u1ed0NG \u0110I\u1ec0U KHI\u1ec2N TUA-BIN H\u01a0I (EHC) \u2013 T\u0102NG C\u01af\u1edcNG \u0110\u1ed8 TIN C\u1eacY &amp; HI\u1ec6U SU\u1ea4T B\u1ea2O V\u1ec6 H\u1ec6 TH\u1ed0NG D\u1ea6U \u0110I\u1ec0U KHI\u1ec2N TUA-BIN H\u01a0I (EHC) Trong c\u00e1c nh\u00e0 m\u00e1y \u0111i\u1ec7n, h\u1ec7 th\u1ed1ng \u0111i\u1ec1u khi\u1ec3n \u0111i\u1ec7n-th\u1ee7y l\u1ef1c (Electro-Hydraulic Control \u2013 EHC) \u0111\u00f3ng vai tr\u00f2 quan tr\u1ecdng trong vi\u1ec7c ki\u1ec3m [&hellip;]<\/p>\n","protected":false},"author":1,"featured_media":0,"parent":144,"menu_order":2,"comment_status":"closed","ping_status":"closed","template":"","meta":{"footnotes":""},"class_list":["post-190","page","type-page","status-publish","hentry"],"_links":{"self":[{"href":"https:\/\/fsv.com.vn\/index.php\/wp-json\/wp\/v2\/pages\/190","targetHints":{"allow":["GET"]}}],"collection":[{"href":"https:\/\/fsv.com.vn\/index.php\/wp-json\/wp\/v2\/pages"}],"about":[{"href":"https:\/\/fsv.com.vn\/index.php\/wp-json\/wp\/v2\/types\/page"}],"author":[{"embeddable":true,"href":"https:\/\/fsv.com.vn\/index.php\/wp-json\/wp\/v2\/users\/1"}],"replies":[{"embeddable":true,"href":"https:\/\/fsv.com.vn\/index.php\/wp-json\/wp\/v2\/comments?post=190"}],"version-history":[{"count":30,"href":"https:\/\/fsv.com.vn\/index.php\/wp-json\/wp\/v2\/pages\/190\/revisions"}],"predecessor-version":[{"id":2051,"href":"https:\/\/fsv.com.vn\/index.php\/wp-json\/wp\/v2\/pages\/190\/revisions\/2051"}],"up":[{"embeddable":true,"href":"https:\/\/fsv.com.vn\/index.php\/wp-json\/wp\/v2\/pages\/144"}],"wp:attachment":[{"href":"https:\/\/fsv.com.vn\/index.php\/wp-json\/wp\/v2\/media?parent=190"}],"curies":[{"name":"wp","href":"https:\/\/api.w.org\/{rel}","templated":true}]}}